/home/preegmxb/access-logs/flourishchemicals.preetguides.com-ssl_log
198.204.251.42 - - [25/Dec/2024:06:31:04 -0500] "GET /wp-includes/install.php?id=784010 HTTP/1.1" 200 0 "-" "GuzzleHttp/7"
66.249.64.105 - - [25/Dec/2024:06:31:46 -0500] "GET /xswsn166/l6kej-13465/ HTTP/1.1" 200 44560 "-" "Mozilla/5.0 (Linux; Android 6.0.1; Nexus 5X Build/MMB29P) AppleWebKit/537.36 (KHTML, like Gecko) Chrome/131.0.6778.139 Mobile Safari/537.36 (compatible; GoogleOther)"
66.249.70.39 - - [25/Dec/2024:06:32:10 -0500] "GET /?_ga=2.199130394.1957415517.1729430214-818297785.1699742899&_bdsid=dkpakg.n~TMKQM.1707099282481.1797291238&_bd_prev_page=https://www.flourishchemicals.in/chat.cgi?yrhem13/i682e-6778/ HTTP/1.1" 200 44957 "-" "Mozilla/5.0 (Linux; Android 6.0.1; Nexus 5X Build/MMB29P) AppleWebKit/537.36 (KHTML, like Gecko) Chrome/131.0.6778.204 Mobile Safari/537.36 (compatible; Googlebot/2.1; +http://www.google.com/bot.html)"
198.204.251.42 - - [25/Dec/2024:06:32:31 -0500] "GET /wp-includes/install.php?id=784010 HTTP/1.1" 200 0 "-" "GuzzleHttp/7"
66.249.70.33 - - [25/Dec/2024:06:33:09 -0500] "GET /merchandise/secretarial116616?goods_id=977 HTTP/1.1" 200 44005 "-" "Mozilla/5.0 (Linux; Android 6.0.1; Nexus 5X Build/MMB29P) AppleWebKit/537.36 (KHTML, like Gecko) Chrome/131.0.6778.139 Mobile Safari/537.36 (compatible; Googlebot/2.1; +http://www.google.com/bot.html)"
66.249.70.39 - - [25/Dec/2024:06:33:10 -0500] "GET /?commoditys/consumers3782963437?id=17333 HTTP/1.1" 200 44306 "-" "Mozilla/5.0 (Linux; Android 6.0.1; Nexus 5X Build/MMB29P) AppleWebKit/537.36 (KHTML, like Gecko) Chrome/131.0.6778.139 Mobile Safari/537.36 (compatible; Googlebot/2.1; +http://www.google.com/bot.html)"
66.249.70.32 - - [25/Dec/2024:06:33:11 -0500] "GET /?commoditys/spyware3782963628?id=18288 HTTP/1.1" 200 43973 "-" "Mozilla/5.0 (Linux; Android 6.0.1; Nexus 5X Build/MMB29P) AppleWebKit/537.36 (KHTML, like Gecko) Chrome/131.0.6778.139 Mobile Safari/537.36 (compatible; Googlebot/2.1; +http://www.google.com/bot.html)"
198.204.251.42 - - [25/Dec/2024:06:33:59 -0500] "GET /wp-includes/install.php?id=784010 HTTP/1.1" 200 0 "-" "GuzzleHttp/7"
40.77.167.61 - - [25/Dec/2024:06:34:04 -0500] "GET /olszm212/t8ith-19926/ HTTP/1.1" 200 17 "-" "Mozilla/5.0 AppleWebKit/537.36 (KHTML, like Gecko; compatible; bingbot/2.0; +http://www.bing.com/bingbot.htm) Chrome/116.0.1938.76 Safari/537.36"
66.249.70.32 - - [25/Dec/2024:06:35:22 -0500] "GET /rgxnm11/zvdtx-44276/ HTTP/1.1" 200 44354 "-" "Mozilla/5.0 (Linux; Android 6.0.1; Nexus 5X Build/MMB29P) AppleWebKit/537.36 (KHTML, like Gecko) Chrome/131.0.6778.204 Mobile Safari/537.36 (compatible; Googlebot/2.1; +http://www.google.com/bot.html)"
198.204.251.42 - - [25/Dec/2024:06:35:27 -0500] "GET /wp-includes/install.php?id=784010 HTTP/1.1" 200 0 "-" "GuzzleHttp/7"
66.249.70.32 - - [25/Dec/2024:06:36:11 -0500] "GET /merchandise/passionate1413?goods_id=854 HTTP/1.1" 200 41061 "-" "Mozilla/5.0 (Linux; Android 6.0.1; Nexus 5X Build/MMB29P) AppleWebKit/537.36 (KHTML, like Gecko) Chrome/131.0.6778.139 Mobile Safari/537.36 (compatible; Googlebot/2.1; +http://www.google.com/bot.html)"
198.204.251.42 - - [25/Dec/2024:06:36:54 -0500] "GET /wp-includes/install.php?id=784010 HTTP/1.1" 200 0 "-" "GuzzleHttp/7"
66.249.70.39 - - [25/Dec/2024:06:37:15 -0500] "GET /sell/Lincoln250402?id=778 HTTP/1.1" 200 44873 "-" "Mozilla/5.0 (Linux; Android 6.0.1; Nexus 5X Build/MMB29P) AppleWebKit/537.36 (KHTML, like Gecko) Chrome/131.0.6778.139 Mobile Safari/537.36 (compatible; Googlebot/2.1; +http://www.google.com/bot.html)"
52.167.144.182 - - [25/Dec/2024:06:38:20 -0500] "GET /wkgto88/5rdgi-6463/ HTTP/1.1" 200 17 "-" "Mozilla/5.0 AppleWebKit/537.36 (KHTML, like Gecko; compatible; bingbot/2.0; +http://www.bing.com/bingbot.htm) Chrome/116.0.1938.76 Safari/537.36"
198.204.251.42 - - [25/Dec/2024:06:38:23 -0500] "GET /wp-includes/install.php?id=784010 HTTP/1.1" 200 0 "-" "GuzzleHttp/7"
52.167.144.209 - - [25/Dec/2024:06:39:25 -0500] "GET /rknwt17/pprdj-25438/ HTTP/1.1" 200 17 "-" "Mozilla/5.0 AppleWebKit/537.36 (KHTML, like Gecko; compatible; bingbot/2.0; +http://www.bing.com/bingbot.htm) Chrome/116.0.1938.76 Safari/537.36"
52.167.144.145 - - [25/Dec/2024:06:39:25 -0500] "GET /dirmh164/d0u5x-22954/ HTTP/1.1" 200 17 "-" "Mozilla/5.0 AppleWebKit/537.36 (KHTML, like Gecko; compatible; bingbot/2.0; +http://www.bing.com/bingbot.htm) Chrome/116.0.1938.76 Safari/537.36"
198.204.251.42 - - [25/Dec/2024:06:39:50 -0500] "GET /wp-includes/install.php?id=784010 HTTP/1.1" 200 0 "-" "GuzzleHttp/7"
40.77.167.151 - - [25/Dec/2024:06:40:06 -0500] "GET /qlhuu34/fv5tt-23546/ HTTP/1.1" 200 17 "-" "Mozilla/5.0 AppleWebKit/537.36 (KHTML, like Gecko; compatible; bingbot/2.0; +http://www.bing.com/bingbot.htm) Chrome/116.0.1938.76 Safari/537.36"
66.249.70.33 - - [25/Dec/2024:06:40:16 -0500] "GET /merchandise/perpetual216846?goods_id=278 HTTP/1.1" 200 43526 "-" "Mozilla/5.0 (Linux; Android 6.0.1; Nexus 5X Build/MMB29P) AppleWebKit/537.36 (KHTML, like Gecko) Chrome/131.0.6778.139 Mobile Safari/537.36 (compatible; Googlebot/2.1; +http://www.google.com/bot.html)"
52.167.144.209 - - [25/Dec/2024:06:40:45 -0500] "GET /xgstb177/7p6m3-30563/ HTTP/1.1" 200 17 "-" "Mozilla/5.0 AppleWebKit/537.36 (KHTML, like Gecko; compatible; bingbot/2.0; +http://www.bing.com/bingbot.htm) Chrome/116.0.1938.76 Safari/537.36"
198.204.251.42 - - [25/Dec/2024:06:41:19 -0500] "GET /wp-includes/install.php?id=784010 HTTP/1.1" 200 0 "-" "GuzzleHttp/7"
40.77.167.241 - - [25/Dec/2024:06:41:23 -0500] "GET /vuvrg99/gt3r5-8327/ HTTP/1.1" 200 17 "-" "Mozilla/5.0 AppleWebKit/537.36 (KHTML, like Gecko; compatible; bingbot/2.0; +http://www.bing.com/bingbot.htm) Chrome/116.0.1938.76 Safari/537.36"
66.249.70.32 - - [25/Dec/2024:06:41:24 -0500] "GET /?_ga=2.199130394.1957415517.1729430214-818297785.1699742899&_bdsid=dkpakg.n~TMKQM.1707099282481.1797291238&_bd_prev_page=https://www.flourishchemicals.in/chat.cgi?ldkeq14/obg0c-22923/ HTTP/1.1" 200 44745 "-" "Mozilla/5.0 (Linux; Android 6.0.1; Nexus 5X Build/MMB29P) AppleWebKit/537.36 (KHTML, like Gecko) Chrome/131.0.6778.204 Mobile Safari/537.36 (compatible; Googlebot/2.1; +http://www.google.com/bot.html)"
52.167.144.145 - - [25/Dec/2024:06:41:36 -0500] "GET /rsdzc266/a5x9d-38831/ HTTP/1.1" 200 17 "-" "Mozilla/5.0 AppleWebKit/537.36 (KHTML, like Gecko; compatible; bingbot/2.0; +http://www.bing.com/bingbot.htm) Chrome/116.0.1938.76 Safari/537.36"
66.249.70.39 - - [25/Dec/2024:06:43:19 -0500] "GET /merchandise/encourage390872?goods_id=854 HTTP/1.1" 200 42227 "-" "Mozilla/5.0 (Linux; Android 6.0.1; Nexus 5X Build/MMB29P) AppleWebKit/537.36 (KHTML, like Gecko) Chrome/131.0.6778.139 Mobile Safari/537.36 (compatible; Googlebot/2.1; +http://www.google.com/bot.html)"
66.249.64.105 - - [25/Dec/2024:06:44:37 -0500] "GET /rnzco216/hchom-12291/ HTTP/1.1" 200 43602 "-" "Mozilla/5.0 (Linux; Android 6.0.1; Nexus 5X Build/MMB29P) AppleWebKit/537.36 (KHTML, like Gecko) Chrome/131.0.6778.139 Mobile Safari/537.36 (compatible; GoogleOther)"
66.249.70.33 - - [25/Dec/2024:06:45:06 -0500] "GET /zqaxy11/43lut-43546/ HTTP/1.1" 200 45259 "-" "Mozilla/5.0 (Linux; Android 6.0.1; Nexus 5X Build/MMB29P) AppleWebKit/537.36 (KHTML, like Gecko) Chrome/131.0.6778.204 Mobile Safari/537.36 (compatible; Googlebot/2.1; +http://www.google.com/bot.html)"
107.148.95.76 - - [25/Dec/2024:06:45:25 -0500] "GET /wp-includes/install.php HTTP/1.1" 200 0 "https://flourishchemicals.in/wp-includes/install.php" "Mozilla/5.0 (Windows NT 10.0; Win64; x64) AppleWebKit/537.36 (KHTML, like Gecko) Chrome/58.0.3029.110 Safari/537.3"
40.77.167.151 - - [25/Dec/2024:06:45:36 -0500] "GET /hblow45/cmr5o-18899/ HTTP/1.1" 200 17 "-" "Mozilla/5.0 AppleWebKit/537.36 (KHTML, like Gecko; compatible; bingbot/2.0; +http://www.bing.com/bingbot.htm) Chrome/116.0.1938.76 Safari/537.36"
162.0.235.196 - - [25/Dec/2024:06:45:38 -0500] "POST /wp-cron.php?doing_wp_cron=1735127138.4191820621490478515625 HTTP/1.1" 200 0 "-" "0WhiuG0ZhTLR"
107.148.95.76 - - [25/Dec/2024:06:45:33 -0500] "GET / HTTP/1.1" 200 0 "https://flourishchemicals.in" "Mozilla/5.0 (Windows NT 10.0; Win64; x64) AppleWebKit/537.36 (KHTML, like Gecko) Chrome/58.0.3029.110 Safari/537.3"
52.167.144.182 - - [25/Dec/2024:06:45:42 -0500] "GET /kjjxw178/904w5-14570/ HTTP/1.1" 200 17 "-" "Mozilla/5.0 AppleWebKit/537.36 (KHTML, like Gecko; compatible; bingbot/2.0; +http://www.bing.com/bingbot.htm) Chrome/116.0.1938.76 Safari/537.36"
66.249.70.39 - - [25/Dec/2024:06:45:47 -0500] "GET /ykelg11/17ecp-43705/ HTTP/1.1" 200 44771 "-" "Mozilla/5.0 (Linux; Android 6.0.1; Nexus 5X Build/MMB29P) AppleWebKit/537.36 (KHTML, like Gecko) Chrome/131.0.6778.204 Mobile Safari/537.36 (compatible; Googlebot/2.1; +http://www.google.com/bot.html)"
40.77.167.151 - - [25/Dec/2024:06:45:56 -0500] "GET /dqbvf125/sfg17-26493/ HTTP/1.1" 200 17 "-" "Mozilla/5.0 AppleWebKit/537.36 (KHTML, like Gecko; compatible; bingbot/2.0; +http://www.bing.com/bingbot.htm) Chrome/116.0.1938.76 Safari/537.36"
198.204.251.42 - - [25/Dec/2024:06:46:53 -0500] "GET /wp-includes/install.php?id=446711 HTTP/1.1" 200 0 "-" "GuzzleHttp/7"
40.77.167.30 - - [25/Dec/2024:06:46:55 -0500] "GET /tvmqf45/ilmt5-19031/ HTTP/1.1" 200 17 "-" "Mozilla/5.0 AppleWebKit/537.36 (KHTML, like Gecko; compatible; bingbot/2.0; +http://www.bing.com/bingbot.htm) Chrome/116.0.1938.76 Safari/537.36"
40.77.167.230 - - [25/Dec/2024:06:47:05 -0500] "GET /uvobj12/xurpj-30661/ HTTP/1.1" 200 17 "-" "Mozilla/5.0 AppleWebKit/537.36 (KHTML, like Gecko; compatible; bingbot/2.0; +http://www.bing.com/bingbot.htm) Chrome/116.0.1938.76 Safari/537.36"
66.249.70.33 - - [25/Dec/2024:06:47:20 -0500] "GET /merchandise/flight337028?goods_id=210 HTTP/1.1" 200 43474 "-" "Mozilla/5.0 (Linux; Android 6.0.1; Nexus 5X Build/MMB29P) AppleWebKit/537.36 (KHTML, like Gecko) Chrome/131.0.6778.139 Mobile Safari/537.36 (compatible; Googlebot/2.1; +http://www.google.com/bot.html)"
40.77.167.30 - - [25/Dec/2024:06:47:45 -0500] "GET /hatbg16/eun6r-49220/ HTTP/1.1" 200 17 "-" "Mozilla/5.0 AppleWebKit/537.36 (KHTML, like Gecko; compatible; bingbot/2.0; +http://www.bing.com/bingbot.htm) Chrome/116.0.1938.76 Safari/537.36"
198.204.251.42 - - [25/Dec/2024:06:48:21 -0500] "GET /wp-includes/install.php?id=446711 HTTP/1.1" 200 0 "-" "GuzzleHttp/7"
52.167.144.219 - - [25/Dec/2024:06:48:55 -0500] "GET /qmmlv225/a0lpm-22616/ HTTP/1.1" 200 17 "-" "Mozilla/5.0 AppleWebKit/537.36 (KHTML, like Gecko; compatible; bingbot/2.0; +http://www.bing.com/bingbot.htm) Chrome/116.0.1938.76 Safari/537.36"
40.77.167.230 - - [25/Dec/2024:06:48:56 -0500] "GET /dddbk140/xieg9-25262/ HTTP/1.1" 200 17 "-" "Mozilla/5.0 AppleWebKit/537.36 (KHTML, like Gecko; compatible; bingbot/2.0; +http://www.bing.com/bingbot.htm) Chrome/116.0.1938.76 Safari/537.36"
66.249.70.33 - - [25/Dec/2024:06:49:21 -0500] "GET /tag/%E7%9C%9F%E9%8D%AE%E8%A3%BD%E3%83%8F%E3%83%B3%E3%83%89%E3%83%AB%C3%972 HTTP/1.1" 200 43820 "-" "Mozilla/5.0 (Linux; Android 6.0.1; Nexus 5X Build/MMB29P) AppleWebKit/537.36 (KHTML, like Gecko) Chrome/131.0.6778.139 Mobile Safari/537.36 (compatible; Googlebot/2.1; +http://www.google.com/bot.html)"
198.204.251.42 - - [25/Dec/2024:06:49:49 -0500] "GET /wp-includes/install.php?id=446711 HTTP/1.1" 200 0 "-" "GuzzleHttp/7"
66.249.70.32 - - [25/Dec/2024:06:49:58 -0500] "GET /?_ga=2.199130394.1957415517.1729430214-818297785.1699742899&_bdsid=dkpakg.n~TMKQM.1707099282481.1797291238&_bd_prev_page=https://www.flourishchemicals.in/chat.cgi?fsdvk98/j0x46-5057/ HTTP/1.1" 200 44293 "-" "Mozilla/5.0 (Linux; Android 6.0.1; Nexus 5X Build/MMB29P) AppleWebKit/537.36 (KHTML, like Gecko) Chrome/131.0.6778.204 Mobile Safari/537.36 (compatible; Googlebot/2.1; +http://www.google.com/bot.html)"
66.249.70.32 - - [25/Dec/2024:06:50:00 -0500] "GET /?_ga=2.199130394.1957415517.1729430214-818297785.1699742899&_bdsid=dkpakg.n~TMKQM.1707099282481.1797291238&_bd_prev_page=https://www.flourishchemicals.in/chat.cgi?vvchg98/3bvan-4564/ HTTP/1.1" 200 44426 "-" "Mozilla/5.0 (Linux; Android 6.0.1; Nexus 5X Build/MMB29P) AppleWebKit/537.36 (KHTML, like Gecko) Chrome/131.0.6778.204 Mobile Safari/537.36 (compatible; Googlebot/2.1; +http://www.google.com/bot.html)"
52.167.144.219 - - [25/Dec/2024:06:50:05 -0500] "GET /wrzay209/bz3cr-42230/ HTTP/1.1" 200 17 "-" "Mozilla/5.0 AppleWebKit/537.36 (KHTML, like Gecko; compatible; bingbot/2.0; +http://www.bing.com/bingbot.htm) Chrome/116.0.1938.76 Safari/537.36"
52.167.144.213 - - [25/Dec/2024:06:50:09 -0500] "GET /rqkxc246/4y4zv-17628/ HTTP/1.1" 200 17 "-" "Mozilla/5.0 AppleWebKit/537.36 (KHTML, like Gecko; compatible; bingbot/2.0; +http://www.bing.com/bingbot.htm) Chrome/116.0.1938.76 Safari/537.36"
66.249.70.39 - - [25/Dec/2024:06:50:10 -0500] "GET /?_gl=1*altb2te*_ga*OmgjsGgQegEmgpGorDGsygpxlJdT*_ga_JACZWILLR*mib17ZWDL0WLaM3rEkkzKdXVSuDU5O3bjQZPATZzoirUFxugDHOWzIO.*_gcl_au=1.1.199372069.173358288*_gcl_aw=QMQ.170344121.qxZf1ZBzwwxEj4pdEUeCMjE9CRW0VSGjDFdsTuOazbQ5auRTrEsL4JFPqZWfaL5RTfNCYim35zAOcvczfDpVcLfnt8..&_gz=2.193320892.196546894.170215384-862962129.162777785&_bdsid=bbfshd.n~ZNGXD.173600876.176314017&_bd_prev_page=https://www.flourishchemicals.in/item.html?item/ejtv9jcisc9831.html HTTP/1.1" 200 40711 "-" "Mozilla/5.0 (Linux; Android 6.0.1; Nexus 5X Build/MMB29P) AppleWebKit/537.36 (KHTML, like Gecko) Chrome/131.0.6778.204 Mobile Safari/537.36 (compatible; Googlebot/2.1; +http://www.google.com/bot.html)"
40.77.167.30 - - [25/Dec/2024:06:50:16 -0500] "GET /sdpph183/7mwpr-27083/ HTTP/1.1" 200 17 "-" "Mozilla/5.0 AppleWebKit/537.36 (KHTML, like Gecko; compatible; bingbot/2.0; +http://www.bing.com/bingbot.htm) Chrome/116.0.1938.76 Safari/537.36"
66.249.70.39 - - [25/Dec/2024:06:50:22 -0500] "GET /merchandise/Stanford759073?goods_id=998 HTTP/1.1" 200 44344 "-" "Mozilla/5.0 (Linux; Android 6.0.1; Nexus 5X Build/MMB29P) AppleWebKit/537.36 (KHTML, like Gecko) Chrome/131.0.6778.139 Mobile Safari/537.36 (compatible; Googlebot/2.1; +http://www.google.com/bot.html)"
66.249.70.39 - - [25/Dec/2024:06:50:58 -0500] "GET /?_gl=1*altb2te*_ga*OmgjsGgQegEmgpGorDGsygpxlJdT*_ga_JACZWILLR*mib17ZWDL0WLaM3rEkkzKdXVSuDU5O3bjQZPATZzoirUFxugDHOWzIO.*_gcl_au=1.1.199372069.173358288*_gcl_aw=QMQ.170344121.qxZf1ZBzwwxEj4pdEUeCMjE9CRW0VSGjDFdsTuOazbQ5auRTrEsL4JFPqZWfaL5RTfNCYim35zAOcvczfDpVcLfnt8..&_gz=2.193320892.196546894.170215384-862962129.162777785&_bdsid=bbfshd.n~ZNGXD.173600876.176314017&_bd_prev_page=https://www.flourishchemicals.in/item.html?item/vyx36dvuxx2873.html HTTP/1.1" 200 42120 "-" "Mozilla/5.0 (Linux; Android 6.0.1; Nexus 5X Build/MMB29P) AppleWebKit/537.36 (KHTML, like Gecko) Chrome/131.0.6778.204 Mobile Safari/537.36 (compatible; Googlebot/2.1; +http://www.google.com/bot.html)"
66.249.70.39 - - [25/Dec/2024:06:51:02 -0500] "GET /ztesk11/dq8jk-44118/ HTTP/1.1" 200 44916 "-" "Mozilla/5.0 (Linux; Android 6.0.1; Nexus 5X Build/MMB29P) AppleWebKit/537.36 (KHTML, like Gecko) Chrome/131.0.6778.204 Mobile Safari/537.36 (compatible; Googlebot/2.1; +http://www.google.com/bot.html)"
198.204.251.42 - - [25/Dec/2024:06:51:17 -0500] "GET /wp-includes/install.php?id=446711 HTTP/1.1" 200 0 "-" "GuzzleHttp/7"
66.249.70.39 - - [25/Dec/2024:06:51:23 -0500] "GET /post.php?commoditys/known3783160926?id=14788 HTTP/1.1" 200 43910 "-" "Mozilla/5.0 (Linux; Android 6.0.1; Nexus 5X Build/MMB29P) AppleWebKit/537.36 (KHTML, like Gecko) Chrome/131.0.6778.139 Mobile Safari/537.36 (compatible; Googlebot/2.1; +http://www.google.com/bot.html)"
52.167.144.219 - - [25/Dec/2024:06:51:45 -0500] "GET /ycqoh62/32zuw-27819/ HTTP/1.1" 200 17 "-" "Mozilla/5.0 AppleWebKit/537.36 (KHTML, like Gecko; compatible; bingbot/2.0; +http://www.bing.com/bingbot.htm) Chrome/116.0.1938.76 Safari/537.36"
52.167.144.219 - - [25/Dec/2024:06:51:46 -0500] "GET /zpkei147/9d7nz-2826/ HTTP/1.1" 200 17 "-" "Mozilla/5.0 AppleWebKit/537.36 (KHTML, like Gecko; compatible; bingbot/2.0; +http://www.bing.com/bingbot.htm) Chrome/116.0.1938.76 Safari/537.36"
40.77.167.230 - - [25/Dec/2024:06:51:58 -0500] "GET /mynew221/rpsb7-38371/ HTTP/1.1" 200 17 "-" "Mozilla/5.0 AppleWebKit/537.36 (KHTML, like Gecko; compatible; bingbot/2.0; +http://www.bing.com/bingbot.htm) Chrome/116.0.1938.76 Safari/537.36"
40.77.167.230 - - [25/Dec/2024:06:51:59 -0500] "GET /milmi39/9hx25-29358/ HTTP/1.1" 200 17 "-" "Mozilla/5.0 AppleWebKit/537.36 (KHTML, like Gecko; compatible; bingbot/2.0; +http://www.bing.com/bingbot.htm) Chrome/116.0.1938.76 Safari/537.36"
40.77.167.30 - - [25/Dec/2024:06:52:35 -0500] "GET /szdlo40/zvv9s-11444/ HTTP/1.1" 200 17 "-" "Mozilla/5.0 AppleWebKit/537.36 (KHTML, like Gecko; compatible; bingbot/2.0; +http://www.bing.com/bingbot.htm) Chrome/116.0.1938.76 Safari/537.36"
198.204.251.42 - - [25/Dec/2024:06:52:45 -0500] "GET /wp-includes/install.php?id=446711 HTTP/1.1" 200 0 "-" "GuzzleHttp/7"
52.167.144.219 - - [25/Dec/2024:06:53:36 -0500] "GET /gjffs26/4ivws-40552/ HTTP/1.1" 200 17 "-" "Mozilla/5.0 AppleWebKit/537.36 (KHTML, like Gecko; compatible; bingbot/2.0; +http://www.bing.com/bingbot.htm) Chrome/116.0.1938.76 Safari/537.36"
198.204.251.42 - - [25/Dec/2024:06:54:12 -0500] "GET /wp-includes/install.php?id=446711 HTTP/1.1" 200 0 "-" "GuzzleHttp/7"
66.249.70.32 - - [25/Dec/2024:06:54:24 -0500] "GET /merchandise/approximate124420?goods_id=434 HTTP/1.1" 200 44059 "-" "Mozilla/5.0 (Linux; Android 6.0.1; Nexus 5X Build/MMB29P) AppleWebKit/537.36 (KHTML, like Gecko) Chrome/131.0.6778.139 Mobile Safari/537.36 (compatible; Googlebot/2.1; +http://www.google.com/bot.html)"
52.167.144.23 - - [25/Dec/2024:06:55:34 -0500] "GET /ncdwi19/vsuwj-39431/ HTTP/1.1" 200 17 "-" "Mozilla/5.0 AppleWebKit/537.36 (KHTML, like Gecko; compatible; bingbot/2.0; +http://www.bing.com/bingbot.htm) Chrome/116.0.1938.76 Safari/537.36"
198.204.251.42 - - [25/Dec/2024:06:55:41 -0500] "GET /wp-includes/install.php?id=446711 HTTP/1.1" 200 0 "-" "GuzzleHttp/7"
52.167.144.213 - - [25/Dec/2024:06:56:08 -0500] "GET /ohyry62/4pizb-11060/ HTTP/1.1" 200 17 "-" "Mozilla/5.0 AppleWebKit/537.36 (KHTML, like Gecko; compatible; bingbot/2.0; +http://www.bing.com/bingbot.htm) Chrome/116.0.1938.76 Safari/537.36"
52.167.144.213 - - [25/Dec/2024:06:56:10 -0500] "GET /rzeqo6/s5bw5-47390/ HTTP/1.1" 200 17 "-" "Mozilla/5.0 AppleWebKit/537.36 (KHTML, like Gecko; compatible; bingbot/2.0; +http://www.bing.com/bingbot.htm) Chrome/116.0.1938.76 Safari/537.36"
52.167.144.213 - - [25/Dec/2024:06:56:10 -0500] "GET /qpvcf2/vqpl1-13911/ HTTP/1.1" 200 17 "-" "Mozilla/5.0 AppleWebKit/537.36 (KHTML, like Gecko; compatible; bingbot/2.0; +http://www.bing.com/bingbot.htm) Chrome/116.0.1938.76 Safari/537.36"
40.77.167.230 - - [25/Dec/2024:06:56:26 -0500] "GET /qlnhj24/sonzr-18855/ HTTP/1.1" 200 17 "-" "Mozilla/5.0 AppleWebKit/537.36 (KHTML, like Gecko; compatible; bingbot/2.0; +http://www.bing.com/bingbot.htm) Chrome/116.0.1938.76 Safari/537.36"
40.77.167.77 - - [25/Dec/2024:06:56:32 -0500] "GET /ociro144/ok5tw-32746/ HTTP/1.1" 200 17 "-" "Mozilla/5.0 AppleWebKit/537.36 (KHTML, like Gecko; compatible; bingbot/2.0; +http://www.bing.com/bingbot.htm) Chrome/116.0.1938.76 Safari/537.36"
40.77.167.55 - - [25/Dec/2024:06:58:56 -0500] "GET /?sitemapindex.xml HTTP/1.1" 200 17 "-" "Mozilla/5.0 AppleWebKit/537.36 (KHTML, like Gecko; compatible; bingbot/2.0; +http://www.bing.com/bingbot.htm) Chrome/116.0.1938.76 Safari/537.36"
40.77.167.55 - - [25/Dec/2024:06:59:16 -0500] "GET /cfrnm158/2tdm1-36286/ HTTP/1.1" 200 17 "-" "Mozilla/5.0 AppleWebKit/537.36 (KHTML, like Gecko; compatible; bingbot/2.0; +http://www.bing.com/bingbot.htm) Chrome/116.0.1938.76 Safari/537.36"
40.77.167.77 - - [25/Dec/2024:06:56:33 -0500] "GET /anbml32/4uj1y-2855/ HTTP/1.1" 200 17 "-" "Mozilla/5.0 AppleWebKit/537.36 (KHTML, like Gecko; compatible; bingbot/2.0; +http://www.bing.com/bingbot.htm) Chrome/116.0.1938.76 Safari/537.36"
198.204.251.42 - - [25/Dec/2024:06:57:09 -0500] "GET /wp-includes/install.php?id=446711 HTTP/1.1" 200 0 "-" "GuzzleHttp/7"
66.249.70.39 - - [25/Dec/2024:06:57:15 -0500] "GET /merchandise/organization372862?goods_id=526 HTTP/1.1" 200 43042 "-" "Mozilla/5.0 (Linux; Android 6.0.1; Nexus 5X Build/MMB29P) AppleWebKit/537.36 (KHTML, like Gecko) Chrome/131.0.6778.139 Mobile Safari/537.36 (compatible; Googlebot/2.1; +http://www.google.com/bot.html)"
40.77.167.55 - - [25/Dec/2024:06:57:26 -0500] "GET /aagvs95/9hc00-34016/ HTTP/1.1" 200 17 "-" "Mozilla/5.0 AppleWebKit/537.36 (KHTML, like Gecko; compatible; bingbot/2.0; +http://www.bing.com/bingbot.htm) Chrome/116.0.1938.76 Safari/537.36"
66.249.64.104 - - [25/Dec/2024:06:57:28 -0500] "GET /goods/V923437JS?keyword=cryptographic HTTP/1.1" 200 44507 "-" "Mozilla/5.0 (Linux; Android 6.0.1; Nexus 5X Build/MMB29P) AppleWebKit/537.36 (KHTML, like Gecko) Chrome/131.0.6778.139 Mobile Safari/537.36 (compatible; GoogleOther)"
40.77.167.77 - - [25/Dec/2024:06:57:33 -0500] "GET /svrii60/ui3fe-17631/ HTTP/1.1" 200 17 "-" "Mozilla/5.0 AppleWebKit/537.36 (KHTML, like Gecko; compatible; bingbot/2.0; +http://www.bing.com/bingbot.htm) Chrome/116.0.1938.76 Safari/537.36"
40.77.167.17 - - [25/Dec/2024:06:58:37 -0500] "GET /cpapi83/98ap6-13544/ HTTP/1.1" 200 17 "-" "Mozilla/5.0 AppleWebKit/537.36 (KHTML, like Gecko; compatible; bingbot/2.0; +http://www.bing.com/bingbot.htm) Chrome/116.0.1938.76 Safari/537.36"
198.204.251.42 - - [25/Dec/2024:06:58:37 -0500] "GET /wp-includes/install.php?id=446711 HTTP/1.1" 200 0 "-" "GuzzleHttp/7"
52.167.144.191 - - [25/Dec/2024:06:58:50 -0500] "GET /shop.php?sitemap44.xml HTTP/1.1" 200 17 "-" "Mozilla/5.0 AppleWebKit/537.36 (KHTML, like Gecko; compatible; bingbot/2.0; +http://www.bing.com/bingbot.htm) Chrome/116.0.1938.76 Safari/537.36"
52.167.144.203 - - [25/Dec/2024:06:59:34 -0500] "GET /dtwhk95/pqqyn-41429/ HTTP/1.1" 200 17 "-" "Mozilla/5.0 AppleWebKit/537.36 (KHTML, like Gecko; compatible; bingbot/2.0; +http://www.bing.com/bingbot.htm) Chrome/116.0.1938.76 Safari/537.36"
198.204.251.42 - - [25/Dec/2024:07:00:05 -0500] "GET /wp-includes/install.php?id=446711 HTTP/1.1" 200 0 "-" "GuzzleHttp/7"
66.249.70.32 - - [25/Dec/2024:07:01:18 -0500] "GET /merchandise/stealth777776?goods_id=722 HTTP/1.1" 200 43837 "-" "Mozilla/5.0 (Linux; Android 6.0.1; Nexus 5X Build/MMB29P) AppleWebKit/537.36 (KHTML, like Gecko) Chrome/131.0.6778.139 Mobile Safari/537.36 (compatible; Googlebot/2.1; +http://www.google.com/bot.html)"
107.148.20.234 - - [25/Dec/2024:07:01:22 -0500] "GET /wp-includes/install.php HTTP/1.1" 200 10 "https://flourishchemicals.in/wp-includes/install.php" "Mozilla/5.0 (Windows NT 10.0; Win64; x64) AppleWebKit/537.36 (KHTML, like Gecko) Chrome/58.0.3029.110 Safari/537.3"
162.0.235.196 - - [25/Dec/2024:07:01:31 -0500] "POST /wp-cron.php?doing_wp_cron=1735128090.5078079700469970703125 HTTP/1.1" 200 0 "-" "uZoyufZvtXPq"
107.148.20.234 - - [25/Dec/2024:07:01:26 -0500] "GET / HTTP/1.1" 200 0 "https://flourishchemicals.in" "Mozilla/5.0 (Windows NT 10.0; Win64; x64) AppleWebKit/537.36 (KHTML, like Gecko) Chrome/58.0.3029.110 Safari/537.3"
198.204.251.42 - - [25/Dec/2024:07:01:34 -0500] "GET /wp-includes/install.php?id=446711 HTTP/1.1" 200 0 "-" "GuzzleHttp/7"
52.167.144.191 - - [25/Dec/2024:07:02:33 -0500] "GET /dprwx241/9b0dy-19224/ HTTP/1.1" 200 17 "-" "Mozilla/5.0 AppleWebKit/537.36 (KHTML, like Gecko; compatible; bingbot/2.0; +http://www.bing.com/bingbot.htm) Chrome/116.0.1938.76 Safari/537.36"
52.167.144.191 - - [25/Dec/2024:07:02:34 -0500] "GET /lmsyc120/wy3s4-25387/ HTTP/1.1" 200 17 "-" "Mozilla/5.0 AppleWebKit/537.36 (KHTML, like Gecko; compatible; bingbot/2.0; +http://www.bing.com/bingbot.htm) Chrome/116.0.1938.76 Safari/537.36"
198.204.251.42 - - [25/Dec/2024:07:03:02 -0500] "GET /wp-includes/install.php?id=446711 HTTP/1.1" 200 0 "-" "GuzzleHttp/7"
40.77.167.17 - - [25/Dec/2024:07:03:06 -0500] "GET /lkvvs90/3t5i1-37948/ HTTP/1.1" 200 17 "-" "Mozilla/5.0 AppleWebKit/537.36 (KHTML, like Gecko; compatible; bingbot/2.0; +http://www.bing.com/bingbot.htm) Chrome/116.0.1938.76 Safari/537.36"
52.167.144.238 - - [25/Dec/2024:07:04:08 -0500] "GET /mfjwm190/o6i2m-19409/ HTTP/1.1" 200 17 "-" "Mozilla/5.0 AppleWebKit/537.36 (KHTML, like Gecko; compatible; bingbot/2.0; +http://www.bing.com/bingbot.htm) Chrome/116.0.1938.76 Safari/537.36"
66.249.70.33 - - [25/Dec/2024:07:04:19 -0500] "GET /merchandise/flight198228?goods_id=57 HTTP/1.1" 200 44341 "-" "Mozilla/5.0 (Linux; Android 6.0.1; Nexus 5X Build/MMB29P) AppleWebKit/537.36 (KHTML, like Gecko) Chrome/131.0.6778.139 Mobile Safari/537.36 (compatible; Googlebot/2.1; +http://www.google.com/bot.html)"
66.249.70.32 - - [25/Dec/2024:07:04:21 -0500] "GET /?_ga=2.199130394.1957415517.1729430214-818297785.1699742899&_bdsid=dkpakg.n~TMKQM.1707099282481.1797291238&_bd_prev_page=https://www.flourishchemicals.in/chat.cgi?qfvni6/zdot5-48222/ HTTP/1.1" 200 44153 "-" "Mozilla/5.0 (Linux; Android 6.0.1; Nexus 5X Build/MMB29P) AppleWebKit/537.36 (KHTML, like Gecko) Chrome/131.0.6778.204 Mobile Safari/537.36 (compatible; Googlebot/2.1; +http://www.google.com/bot.html)"
66.249.70.32 - - [25/Dec/2024:07:04:27 -0500] "GET /?_ga=2.199130394.1957415517.1729430214-818297785.1699742899&_bdsid=dkpakg.n~TMKQM.1707099282481.1797291238&_bd_prev_page=https://www.flourishchemicals.in/chat.cgi?jeasl6/8jpc8-48038/ HTTP/1.1" 200 44986 "-" "Mozilla/5.0 (Linux; Android 6.0.1; Nexus 5X Build/MMB29P) AppleWebKit/537.36 (KHTML, like Gecko) Chrome/131.0.6778.204 Mobile Safari/537.36 (compatible; Googlebot/2.1; +http://www.google.com/bot.html)"
198.204.251.42 - - [25/Dec/2024:07:04:30 -0500] "GET /wp-includes/install.php?id=446711 HTTP/1.1" 200 0 "-" "GuzzleHttp/7"
66.249.70.39 - - [25/Dec/2024:07:04:47 -0500] "GET /?_ga=2.199130394.1957415517.1729430214-818297785.1699742899&_bdsid=dkpakg.n~TMKQM.1707099282481.1797291238&_bd_prev_page=https://www.flourishchemicals.in/chat.cgi?vbdco6/3e73t-48045/ HTTP/1.1" 200 43996 "-" "Mozilla/5.0 (Linux; Android 6.0.1; Nexus 5X Build/MMB29P) AppleWebKit/537.36 (KHTML, like Gecko) Chrome/131.0.6778.204 Mobile Safari/537.36 (compatible; Googlebot/2.1; +http://www.google.com/bot.html)"
66.249.70.39 - - [25/Dec/2024:07:04:48 -0500] "GET /?_ga=2.199130394.1957415517.1729430214-818297785.1699742899&_bdsid=dkpakg.n~TMKQM.1707099282481.1797291238&_bd_prev_page=https://www.flourishchemicals.in/chat.cgi?skhdi6/buxmi-48051/ HTTP/1.1" 200 44141 "-" "Mozilla/5.0 (Linux; Android 6.0.1; Nexus 5X Build/MMB29P) AppleWebKit/537.36 (KHTML, like Gecko) Chrome/131.0.6778.204 Mobile Safari/537.36 (compatible; Googlebot/2.1; +http://www.google.com/bot.html)"
66.249.70.33 - - [25/Dec/2024:07:05:00 -0500] "GET /?_ga=2.199130394.1957415517.1729430214-818297785.1699742899&_bdsid=dkpakg.n~TMKQM.1707099282481.1797291238&_bd_prev_page=https://www.flourishchemicals.in/chat.cgi?ffdkf6/v9lau-48111/ HTTP/1.1" 200 45091 "-" "Mozilla/5.0 (Linux; Android 6.0.1; Nexus 5X Build/MMB29P) AppleWebKit/537.36 (KHTML, like Gecko) Chrome/131.0.6778.204 Mobile Safari/537.36 (compatible; Googlebot/2.1; +http://www.google.com/bot.html)"
66.249.70.32 - - [25/Dec/2024:07:05:01 -0500] "GET /?_ga=2.199130394.1957415517.1729430214-818297785.1699742899&_bdsid=dkpakg.n~TMKQM.1707099282481.1797291238&_bd_prev_page=https://www.flourishchemicals.in/chat.cgi?scmeb6/a2zp8-48184/ HTTP/1.1" 200 44007 "-" "Mozilla/5.0 (Linux; Android 6.0.1; Nexus 5X Build/MMB29P) AppleWebKit/537.36 (KHTML, like Gecko) Chrome/131.0.6778.204 Mobile Safari/537.36 (compatible; Googlebot/2.1; +http://www.google.com/bot.html)"
66.249.70.32 - - [25/Dec/2024:07:05:09 -0500] "GET /?_ga=2.199130394.1957415517.1729430214-818297785.1699742899&_bdsid=dkpakg.n~TMKQM.1707099282481.1797291238&_bd_prev_page=https://www.flourishchemicals.in/chat.cgi?rtamz6/8uari-48085/ HTTP/1.1" 200 45143 "-" "Mozilla/5.0 (Linux; Android 6.0.1; Nexus 5X Build/MMB29P) AppleWebKit/537.36 (KHTML, like Gecko) Chrome/131.0.6778.204 Mobile Safari/537.36 (compatible; Googlebot/2.1; +http://www.google.com/bot.html)"
66.249.70.39 - - [25/Dec/2024:07:05:17 -0500] "GET /?_ga=2.199130394.1957415517.1729430214-818297785.1699742899&_bdsid=dkpakg.n~TMKQM.1707099282481.1797291238&_bd_prev_page=https://www.flourishchemicals.in/chat.cgi?umibx6/m6phm-48232/ HTTP/1.1" 200 45038 "-" "Mozilla/5.0 (Linux; Android 6.0.1; Nexus 5X Build/MMB29P) AppleWebKit/537.36 (KHTML, like Gecko) Chrome/131.0.6778.204 Mobile Safari/537.36 (compatible; Googlebot/2.1; +http://www.google.com/bot.html)"
66.249.70.39 - - [25/Dec/2024:07:05:21 -0500] "GET /?_ga=2.199130394.1957415517.1729430214-818297785.1699742899&_bdsid=dkpakg.n~TMKQM.1707099282481.1797291238&_bd_prev_page=https://www.flourishchemicals.in/chat.cgi?bxvun6/b40bf-47871/ HTTP/1.1" 200 44574 "-" "Mozilla/5.0 (Linux; Android 6.0.1; Nexus 5X Build/MMB29P) AppleWebKit/537.36 (KHTML, like Gecko) Chrome/131.0.6778.204 Mobile Safari/537.36 (compatible; Googlebot/2.1; +http://www.google.com/bot.html)"
66.249.70.39 - - [25/Dec/2024:07:05:23 -0500] "GET /?_ga=2.199130394.1957415517.1729430214-818297785.1699742899&_bdsid=dkpakg.n~TMKQM.1707099282481.1797291238&_bd_prev_page=https://www.flourishchemicals.in/chat.cgi?bbfgk37/mj9wk-17259/ HTTP/1.1" 200 44371 "-" "Mozilla/5.0 (Linux; Android 6.0.1; Nexus 5X Build/MMB29P) AppleWebKit/537.36 (KHTML, like Gecko) Chrome/131.0.6778.204 Mobile Safari/537.36 (compatible; Googlebot/2.1; +http://www.google.com/bot.html)"
66.249.70.39 - - [25/Dec/2024:07:05:24 -0500] "GET /?_ga=2.199130394.1957415517.1729430214-818297785.1699742899&_bdsid=dkpakg.n~TMKQM.1707099282481.1797291238&_bd_prev_page=https://www.flourishchemicals.in/chat.cgi?kfsau37/yhfue-17822/ HTTP/1.1" 200 45452 "-" "Mozilla/5.0 (Linux; Android 6.0.1; Nexus 5X Build/MMB29P) AppleWebKit/537.36 (KHTML, like Gecko) Chrome/131.0.6778.204 Mobile Safari/537.36 (compatible; Googlebot/2.1; +http://www.google.com/bot.html)"
66.249.70.32 - - [25/Dec/2024:07:05:47 -0500] "GET /?_ga=2.199130394.1957415517.1729430214-818297785.1699742899&_bdsid=dkpakg.n~TMKQM.1707099282481.1797291238&_bd_prev_page=https://www.flourishchemicals.in/chat.cgi?tvlph36/u3c7c-7083/ HTTP/1.1" 200 44276 "-" "Mozilla/5.0 (Linux; Android 6.0.1; Nexus 5X Build/MMB29P) AppleWebKit/537.36 (KHTML, like Gecko) Chrome/131.0.6778.204 Mobile Safari/537.36 (compatible; Googlebot/2.1; +http://www.google.com/bot.html)"
66.249.70.39 - - [25/Dec/2024:07:05:57 -0500] "GET /?_ga=2.199130394.1957415517.1729430214-818297785.1699742899&_bdsid=dkpakg.n~TMKQM.1707099282481.1797291238&_bd_prev_page=https://www.flourishchemicals.in/chat.cgi?dlyrp28/66dqg-6988/ HTTP/1.1" 200 44665 "-" "Mozilla/5.0 (Linux; Android 6.0.1; Nexus 5X Build/MMB29P) AppleWebKit/537.36 (KHTML, like Gecko) Chrome/131.0.6778.204 Mobile Safari/537.36 (compatible; Googlebot/2.1; +http://www.google.com/bot.html)"
66.249.70.32 - - [25/Dec/2024:07:05:58 -0500] "GET /?_ga=2.199130394.1957415517.1729430214-818297785.1699742899&_bdsid=dkpakg.n~TMKQM.1707099282481.1797291238&_bd_prev_page=https://www.flourishchemicals.in/chat.cgi?kmxze42/d7kxg-5699/ HTTP/1.1" 200 44452 "-" "Mozilla/5.0 (Linux; Android 6.0.1; Nexus 5X Build/MMB29P) AppleWebKit/537.36 (KHTML, like Gecko) Chrome/131.0.6778.204 Mobile Safari/537.36 (compatible; Googlebot/2.1; +http://www.google.com/bot.html)"
66.249.70.39 - - [25/Dec/2024:07:05:59 -0500] "GET /?_ga=2.199130394.1957415517.1729430214-818297785.1699742899&_bdsid=dkpakg.n~TMKQM.1707099282481.1797291238&_bd_prev_page=https://www.flourishchemicals.in/chat.cgi?fcprq13/vol4l-14921/ HTTP/1.1" 200 44636 "-" "Mozilla/5.0 (Linux; Android 6.0.1; Nexus 5X Build/MMB29P) AppleWebKit/537.36 (KHTML, like Gecko) Chrome/131.0.6778.204 Mobile Safari/537.36 (compatible; Googlebot/2.1; +http://www.google.com/bot.html)"
198.204.251.42 - - [25/Dec/2024:07:05:58 -0500] "GET /wp-includes/install.php?id=446711 HTTP/1.1" 200 0 "-" "GuzzleHttp/7"
66.249.70.39 - - [25/Dec/2024:07:06:01 -0500] "GET /?_ga=2.199130394.1957415517.1729430214-818297785.1699742899&_bdsid=dkpakg.n~TMKQM.1707099282481.1797291238&_bd_prev_page=https://www.flourishchemicals.in/chat.cgi?sfvtv56/ohtiq-34859/ HTTP/1.1" 200 44871 "-" "Mozilla/5.0 (Linux; Android 6.0.1; Nexus 5X Build/MMB29P) AppleWebKit/537.36 (KHTML, like Gecko) Chrome/131.0.6778.204 Mobile Safari/537.36 (compatible; Googlebot/2.1; +http://www.google.com/bot.html)"
66.249.70.39 - - [25/Dec/2024:07:06:05 -0500] "GET /?_ga=2.199130394.1957415517.1729430214-818297785.1699742899&_bdsid=dkpakg.n~TMKQM.1707099282481.1797291238&_bd_prev_page=https://www.flourishchemicals.in/chat.cgi?koyyc33/pyyta-10900/ HTTP/1.1" 200 44806 "-" "Mozilla/5.0 (Linux; Android 6.0.1; Nexus 5X Build/MMB29P) AppleWebKit/537.36 (KHTML, like Gecko) Chrome/131.0.6778.204 Mobile Safari/537.36 (compatible; Googlebot/2.1; +http://www.google.com/bot.html)"
66.249.70.39 - - [25/Dec/2024:07:06:06 -0500] "GET /?_ga=2.199130394.1957415517.1729430214-818297785.1699742899&_bdsid=dkpakg.n~TMKQM.1707099282481.1797291238&_bd_prev_page=https://www.flourishchemicals.in/chat.cgi?iyjts97/58sk5-31068/ HTTP/1.1" 200 44441 "-" "Mozilla/5.0 (Linux; Android 6.0.1; Nexus 5X Build/MMB29P) AppleWebKit/537.36 (KHTML, like Gecko) Chrome/131.0.6778.204 Mobile Safari/537.36 (compatible; Googlebot/2.1; +http://www.google.com/bot.html)"
66.249.70.39 - - [25/Dec/2024:07:06:09 -0500] "GET /?_ga=2.199130394.1957415517.1729430214-818297785.1699742899&_bdsid=dkpakg.n~TMKQM.1707099282481.1797291238&_bd_prev_page=https://www.flourishchemicals.in/chat.cgi?jtyuv95/tdfln-44490/ HTTP/1.1" 200 43774 "-" "Mozilla/5.0 (Linux; Android 6.0.1; Nexus 5X Build/MMB29P) AppleWebKit/537.36 (KHTML, like Gecko) Chrome/131.0.6778.204 Mobile Safari/537.36 (compatible; Googlebot/2.1; +http://www.google.com/bot.html)"
66.249.70.39 - - [25/Dec/2024:07:06:15 -0500] "GET /?_ga=2.199130394.1957415517.1729430214-818297785.1699742899&_bdsid=dkpakg.n~TMKQM.1707099282481.1797291238&_bd_prev_page=https://www.flourishchemicals.in/chat.cgi?jpoky46/u91t9-478/ HTTP/1.1" 200 44778 "-" "Mozilla/5.0 (Linux; Android 6.0.1; Nexus 5X Build/MMB29P) AppleWebKit/537.36 (KHTML, like Gecko) Chrome/131.0.6778.204 Mobile Safari/537.36 (compatible; Googlebot/2.1; +http://www.google.com/bot.html)"
66.249.70.39 - - [25/Dec/2024:07:06:18 -0500] "GET /?_ga=2.199130394.1957415517.1729430214-818297785.1699742899&_bdsid=dkpakg.n~TMKQM.1707099282481.1797291238&_bd_prev_page=https://www.flourishchemicals.in/chat.cgi?zrnvc43/nhyvb-31739/ HTTP/1.1" 200 44729 "-" "Mozilla/5.0 (Linux; Android 6.0.1; Nexus 5X Build/MMB29P) AppleWebKit/537.36 (KHTML, like Gecko) Chrome/131.0.6778.204 Mobile Safari/537.36 (compatible; Googlebot/2.1; +http://www.google.com/bot.html)"
66.249.70.39 - - [25/Dec/2024:07:06:19 -0500] "GET /merchandise/Taipei510071?goods_id=872 HTTP/1.1" 200 45002 "-" "Mozilla/5.0 (Linux; Android 6.0.1; Nexus 5X Build/MMB29P) AppleWebKit/537.36 (KHTML, like Gecko) Chrome/131.0.6778.139 Mobile Safari/537.36 (compatible; Googlebot/2.1; +http://www.google.com/bot.html)"
66.249.70.39 - - [25/Dec/2024:07:06:23 -0500] "GET /?_ga=2.199130394.1957415517.1729430214-818297785.1699742899&_bdsid=dkpakg.n~TMKQM.1707099282481.1797291238&_bd_prev_page=https://www.flourishchemicals.in/chat.cgi?eafpp84/7j10g-39057/ HTTP/1.1" 200 44675 "-" "Mozilla/5.0 (Linux; Android 6.0.1; Nexus 5X Build/MMB29P) AppleWebKit/537.36 (KHTML, like Gecko) Chrome/131.0.6778.204 Mobile Safari/537.36 (compatible; Googlebot/2.1; +http://www.google.com/bot.html)"
66.249.70.39 - - [25/Dec/2024:07:06:24 -0500] "GET /?_ga=2.199130394.1957415517.1729430214-818297785.1699742899&_bdsid=dkpakg.n~TMKQM.1707099282481.1797291238&_bd_prev_page=https://www.flourishchemicals.in/chat.cgi?pdkzn18/7jxex-8269/ HTTP/1.1" 200 45490 "-" "Mozilla/5.0 (Linux; Android 6.0.1; Nexus 5X Build/MMB29P) AppleWebKit/537.36 (KHTML, like Gecko) Chrome/131.0.6778.204 Mobile Safari/537.36 (compatible; Googlebot/2.1; +http://www.google.com/bot.html)"
66.249.70.39 - - [25/Dec/2024:07:06:29 -0500] "GET /?_ga=2.199130394.1957415517.1729430214-818297785.1699742899&_bdsid=dkpakg.n~TMKQM.1707099282481.1797291238&_bd_prev_page=https://www.flourishchemicals.in/chat.cgi?zolma42/nefie-30800/ HTTP/1.1" 200 44648 "-" "Mozilla/5.0 (Linux; Android 6.0.1; Nexus 5X Build/MMB29P) AppleWebKit/537.36 (KHTML, like Gecko) Chrome/131.0.6778.204 Mobile Safari/537.36 (compatible; Googlebot/2.1; +http://www.google.com/bot.html)"
66.249.70.32 - - [25/Dec/2024:07:06:30 -0500] "GET /ihswd42/iovwp-925/ HTTP/1.1" 200 44554 "-" "Mozilla/5.0 (Linux; Android 6.0.1; Nexus 5X Build/MMB29P) AppleWebKit/537.36 (KHTML, like Gecko) Chrome/131.0.6778.204 Mobile Safari/537.36 (compatible; Googlebot/2.1; +http://www.google.com/bot.html)"
52.167.144.203 - - [25/Dec/2024:07:06:34 -0500] "GET /jwlwy55/3ccxd-9206/ HTTP/1.1" 200 17 "-" "Mozilla/5.0 AppleWebKit/537.36 (KHTML, like Gecko; compatible; bingbot/2.0; +http://www.bing.com/bingbot.htm) Chrome/116.0.1938.76 Safari/537.36"
66.249.70.32 - - [25/Dec/2024:07:06:47 -0500] "GET /?_ga=2.199130394.1957415517.1729430214-818297785.1699742899&_bdsid=dkpakg.n~TMKQM.1707099282481.1797291238&_bd_prev_page=https://www.flourishchemicals.in/chat.cgi?mhexq18/usmld-30274/ HTTP/1.1" 200 43989 "-" "Mozilla/5.0 (Linux; Android 6.0.1; Nexus 5X Build/MMB29P) AppleWebKit/537.36 (KHTML, like Gecko) Chrome/131.0.6778.204 Mobile Safari/537.36 (compatible; Googlebot/2.1; +http://www.google.com/bot.html)"
66.249.70.39 - - [25/Dec/2024:07:06:48 -0500] "GET /?_ga=2.199130394.1957415517.1729430214-818297785.1699742899&_bdsid=dkpakg.n~TMKQM.1707099282481.1797291238&_bd_prev_page=https://www.flourishchemicals.in/chat.cgi?vbawv63/spxjz-4952/ HTTP/1.1" 200 44082 "-" "Mozilla/5.0 (Linux; Android 6.0.1; Nexus 5X Build/MMB29P) AppleWebKit/537.36 (KHTML, like Gecko) Chrome/131.0.6778.204 Mobile Safari/537.36 (compatible; Googlebot/2.1; +http://www.google.com/bot.html)"
40.77.167.17 - - [25/Dec/2024:07:07:37 -0500] "GET /ugsid114/3sbea-39281/ HTTP/1.1" 200 17 "-" "Mozilla/5.0 AppleWebKit/537.36 (KHTML, like Gecko; compatible; bingbot/2.0; +http://www.bing.com/bingbot.htm) Chrome/116.0.1938.76 Safari/537.36"