/home/preegmxb/access-logs/techywalls.preetguides.com-ssl_log
162.0.235.196 - - [25/Dec/2024:06:30:56 -0500] "POST /wp-cron.php?doing_wp_cron=1735126255.9891009330749511718750 HTTP/1.1" 403 1242 "-" "WordPress/6.5.5; https://techywalls.com"
66.249.69.71 - - [25/Dec/2024:06:30:55 -0500] "GET /goods/fftrw45/18723?key=preserve HTTP/1.1" 404 0 "-" "Mozilla/5.0 (Linux; Android 6.0.1; Nexus 5X Build/MMB29P) AppleWebKit/537.36 (KHTML, like Gecko) Chrome/131.0.6778.139 Mobile Safari/537.36 (compatible; Googlebot/2.1; +http://www.google.com/bot.html)"
185.191.171.7 - - [25/Dec/2024:06:30:57 -0500] "GET /brand.php/99id44597.html HTTP/1.1" 200 0 "-" "Mozilla/5.0 (compatible; SemrushBot/7~bl; +http://www.semrush.com/bot.html)"
85.208.96.212 - - [25/Dec/2024:06:31:14 -0500] "GET /brand.php/61id20510.html HTTP/1.1" 200 0 "-" "Mozilla/5.0 (compatible; SemrushBot/7~bl; +http://www.semrush.com/bot.html)"
185.191.171.13 - - [25/Dec/2024:06:31:34 -0500] "GET /wp-content/pages.php/54ssoax43174.html HTTP/1.1" 200 0 "-" "Mozilla/5.0 (compatible; SemrushBot/7~bl; +http://www.semrush.com/bot.html)"
66.249.77.226 - - [25/Dec/2024:06:31:38 -0500] "GET /goods/ippxp28/20995?key=chop HTTP/1.1" 301 0 "-" "Mozilla/5.0 (Linux; Android 6.0.1; Nexus 5X Build/MMB29P) AppleWebKit/537.36 (KHTML, like Gecko) Chrome/131.0.6778.139 Mobile Safari/537.36 (compatible; Googlebot/2.1; +http://www.google.com/bot.html)"
66.249.69.64 - - [25/Dec/2024:06:31:38 -0500] "GET /goods/ippxp28/20995?key=chop HTTP/1.1" 404 0 "-" "Mozilla/5.0 (Linux; Android 6.0.1; Nexus 5X Build/MMB29P) AppleWebKit/537.36 (KHTML, like Gecko) Chrome/131.0.6778.139 Mobile Safari/537.36 (compatible; Googlebot/2.1; +http://www.google.com/bot.html)"
185.191.171.13 - - [25/Dec/2024:06:31:47 -0500] "GET /wp-content/pages.php/144sxutx27958.html HTTP/1.1" 200 0 "-" "Mozilla/5.0 (compatible; SemrushBot/7~bl; +http://www.semrush.com/bot.html)"
85.208.96.212 - - [25/Dec/2024:06:32:15 -0500] "GET /wp-content/pages.php/45jdbdw9593.html HTTP/1.1" 200 0 "-" "Mozilla/5.0 (compatible; SemrushBot/7~bl; +http://www.semrush.com/bot.html)"
85.208.96.207 - - [25/Dec/2024:06:32:23 -0500] "GET /wp-content/pages.php/22tmugt37951.html HTTP/1.1" 200 0 "-" "Mozilla/5.0 (compatible; SemrushBot/7~bl; +http://www.semrush.com/bot.html)"
185.191.171.16 - - [25/Dec/2024:06:32:33 -0500] "GET /wp-content/pages.php/248hzmzw48668.html HTTP/1.1" 200 0 "-" "Mozilla/5.0 (compatible; SemrushBot/7~bl; +http://www.semrush.com/bot.html)"
162.0.235.196 - - [25/Dec/2024:06:32:37 -0500] "POST /wp-cron.php?doing_wp_cron=1735126357.5736470222473144531250 HTTP/1.1" 403 1242 "-" "WordPress/6.5.5; https://techywalls.com"
66.249.69.70 - - [25/Dec/2024:06:32:37 -0500] "GET /goods/owewg252/36850?key=stock HTTP/1.1" 404 0 "-" "Mozilla/5.0 (Linux; Android 6.0.1; Nexus 5X Build/MMB29P) AppleWebKit/537.36 (KHTML, like Gecko) Chrome/131.0.6778.139 Mobile Safari/537.36 (compatible; Googlebot/2.1; +http://www.google.com/bot.html)"
85.208.96.209 - - [25/Dec/2024:06:32:42 -0500] "GET /search.php/111id43254.html HTTP/1.1" 200 0 "-" "Mozilla/5.0 (compatible; SemrushBot/7~bl; +http://www.semrush.com/bot.html)"
85.208.96.205 - - [25/Dec/2024:06:32:55 -0500] "GET /wp-content/pages.php/290lddpy18915.html HTTP/1.1" 200 0 "-" "Mozilla/5.0 (compatible; SemrushBot/7~bl; +http://www.semrush.com/bot.html)"
185.191.171.2 - - [25/Dec/2024:06:32:58 -0500] "GET /wp-content/pages.php/141fsoit46003.html HTTP/1.1" 200 0 "-" "Mozilla/5.0 (compatible; SemrushBot/7~bl; +http://www.semrush.com/bot.html)"
85.208.96.211 - - [25/Dec/2024:06:33:01 -0500] "GET /search.php/144id20155.html HTTP/1.1" 200 0 "-" "Mozilla/5.0 (compatible; SemrushBot/7~bl; +http://www.semrush.com/bot.html)"
185.191.171.7 - - [25/Dec/2024:06:33:03 -0500] "GET /wp-content/pages.php/60ystva26679.html HTTP/1.1" 200 0 "-" "Mozilla/5.0 (compatible; SemrushBot/7~bl; +http://www.semrush.com/bot.html)"
66.249.69.70 - - [25/Dec/2024:06:33:15 -0500] "GET /goods/stgdv251/40197?key=by HTTP/1.1" 404 0 "-" "Mozilla/5.0 (Linux; Android 6.0.1; Nexus 5X Build/MMB29P) AppleWebKit/537.36 (KHTML, like Gecko) Chrome/131.0.6778.139 Mobile Safari/537.36 (compatible; Googlebot/2.1; +http://www.google.com/bot.html)"
185.191.171.1 - - [25/Dec/2024:06:33:55 -0500] "GET /wp-content/pages.php/223oamar18936.html HTTP/1.1" 200 0 "-" "Mozilla/5.0 (compatible; SemrushBot/7~bl; +http://www.semrush.com/bot.html)"
162.0.235.196 - - [25/Dec/2024:06:34:03 -0500] "POST /wp-cron.php?doing_wp_cron=1735126443.0276489257812500000000 HTTP/1.1" 403 1242 "-" "WordPress/6.5.5; https://techywalls.com"
66.249.77.228 - - [25/Dec/2024:06:34:02 -0500] "GET /goods/zmzyd46/32383?key=wrist HTTP/1.1" 301 0 "-" "Mozilla/5.0 (Linux; Android 6.0.1; Nexus 5X Build/MMB29P) AppleWebKit/537.36 (KHTML, like Gecko) Chrome/131.0.6778.139 Mobile Safari/537.36 (compatible; Googlebot/2.1; +http://www.google.com/bot.html)"
66.249.69.71 - - [25/Dec/2024:06:34:03 -0500] "GET /goods/zmzyd46/32383?key=wrist HTTP/1.1" 404 0 "-" "Mozilla/5.0 (Linux; Android 6.0.1; Nexus 5X Build/MMB29P) AppleWebKit/537.36 (KHTML, like Gecko) Chrome/131.0.6778.139 Mobile Safari/537.36 (compatible; Googlebot/2.1; +http://www.google.com/bot.html)"
185.191.171.7 - - [25/Dec/2024:06:34:10 -0500] "GET /wp-content/pages.php/222jwxzn11981.html HTTP/1.1" 200 0 "-" "Mozilla/5.0 (compatible; SemrushBot/7~bl; +http://www.semrush.com/bot.html)"
185.191.171.9 - - [25/Dec/2024:06:34:14 -0500] "GET /brand.php/291id40466.html HTTP/1.1" 200 0 "-" "Mozilla/5.0 (compatible; SemrushBot/7~bl; +http://www.semrush.com/bot.html)"
85.208.96.209 - - [25/Dec/2024:06:34:37 -0500] "GET /brand.php/143id46485.html HTTP/1.1" 200 0 "-" "Mozilla/5.0 (compatible; SemrushBot/7~bl; +http://www.semrush.com/bot.html)"
66.249.69.70 - - [25/Dec/2024:06:34:53 -0500] "GET /goods/zezes45/18574?key=crack HTTP/1.1" 404 0 "-" "Mozilla/5.0 (Linux; Android 6.0.1; Nexus 5X Build/MMB29P) AppleWebKit/537.36 (KHTML, like Gecko) Chrome/131.0.6778.139 Mobile Safari/537.36 (compatible; Googlebot/2.1; +http://www.google.com/bot.html)"
85.208.96.202 - - [25/Dec/2024:06:35:04 -0500] "GET /wp-content/pages.php/142qnrii17287.html HTTP/1.1" 200 0 "-" "Mozilla/5.0 (compatible; SemrushBot/7~bl; +http://www.semrush.com/bot.html)"
85.208.96.202 - - [25/Dec/2024:06:35:14 -0500] "GET /wp-content/pages.php/285uutqt28699.html HTTP/1.1" 200 0 "-" "Mozilla/5.0 (compatible; SemrushBot/7~bl; +http://www.semrush.com/bot.html)"
85.208.96.201 - - [25/Dec/2024:06:35:33 -0500] "GET /wp-content/pages.php/268xjnfh49329.html HTTP/1.1" 200 0 "-" "Mozilla/5.0 (compatible; SemrushBot/7~bl; +http://www.semrush.com/bot.html)"
162.0.235.196 - - [25/Dec/2024:06:35:44 -0500] "POST /wp-cron.php?doing_wp_cron=1735126544.6576869487762451171875 HTTP/1.1" 403 1242 "-" "WordPress/6.5.5; https://techywalls.com"
66.249.69.64 - - [25/Dec/2024:06:35:44 -0500] "GET /goods/kpcvu143/16452?key=humanity HTTP/1.1" 404 0 "-" "Mozilla/5.0 (Linux; Android 6.0.1; Nexus 5X Build/MMB29P) AppleWebKit/537.36 (KHTML, like Gecko) Chrome/131.0.6778.139 Mobile Safari/537.36 (compatible; Googlebot/2.1; +http://www.google.com/bot.html)"
85.208.96.209 - - [25/Dec/2024:06:35:58 -0500] "GET /wp-content/pages.php/106xyoww32757.html HTTP/1.1" 200 0 "-" "Mozilla/5.0 (compatible; SemrushBot/7~bl; +http://www.semrush.com/bot.html)"
85.208.96.193 - - [25/Dec/2024:06:36:08 -0500] "GET /search.php/61id18095.html HTTP/1.1" 200 0 "-" "Mozilla/5.0 (compatible; SemrushBot/7~bl; +http://www.semrush.com/bot.html)"
85.208.96.193 - - [25/Dec/2024:06:36:09 -0500] "GET /wp-content/pages.php/294pgqsa1900.html HTTP/1.1" 200 0 "-" "Mozilla/5.0 (compatible; SemrushBot/7~bl; +http://www.semrush.com/bot.html)"
85.208.96.193 - - [25/Dec/2024:06:36:15 -0500] "GET /wp-content/pages.php/252uenbb34763.html HTTP/1.1" 200 0 "-" "Mozilla/5.0 (compatible; SemrushBot/7~bl; +http://www.semrush.com/bot.html)"
85.208.96.205 - - [25/Dec/2024:06:36:28 -0500] "GET /search.php/285id15431.html HTTP/1.1" 200 0 "-" "Mozilla/5.0 (compatible; SemrushBot/7~bl; +http://www.semrush.com/bot.html)"
66.249.69.64 - - [25/Dec/2024:06:36:34 -0500] "GET /goods/zujue236/33406?key=bloody HTTP/1.1" 404 0 "-" "Mozilla/5.0 (Linux; Android 6.0.1; Nexus 5X Build/MMB29P) AppleWebKit/537.36 (KHTML, like Gecko) Chrome/131.0.6778.139 Mobile Safari/537.36 (compatible; Googlebot/2.1; +http://www.google.com/bot.html)"
185.191.171.11 - - [25/Dec/2024:06:36:40 -0500] "GET /brand.php/298id21398.html HTTP/1.1" 200 0 "-" "Mozilla/5.0 (compatible; SemrushBot/7~bl; +http://www.semrush.com/bot.html)"
85.208.96.201 - - [25/Dec/2024:06:36:45 -0500] "GET /wp-content/pages.php/232gzakz49762.html HTTP/1.1" 200 0 "-" "Mozilla/5.0 (compatible; SemrushBot/7~bl; +http://www.semrush.com/bot.html)"
85.208.96.205 - - [25/Dec/2024:06:37:04 -0500] "GET /search.php/14id49692.html HTTP/1.1" 200 0 "-" "Mozilla/5.0 (compatible; SemrushBot/7~bl; +http://www.semrush.com/bot.html)"
85.208.96.205 - - [25/Dec/2024:06:37:12 -0500] "GET /wp-content/pages.php/247gcgkc19737.html HTTP/1.1" 200 0 "-" "Mozilla/5.0 (compatible; SemrushBot/7~bl; +http://www.semrush.com/bot.html)"
162.0.235.196 - - [25/Dec/2024:06:37:20 -0500] "POST /wp-cron.php?doing_wp_cron=1735126640.1972870826721191406250 HTTP/1.1" 403 1242 "-" "WordPress/6.5.5; https://techywalls.com"
66.249.69.70 - - [25/Dec/2024:06:37:20 -0500] "GET /goods/hvmco266/28868?key=merit HTTP/1.1" 404 0 "-" "Mozilla/5.0 (Linux; Android 6.0.1; Nexus 5X Build/MMB29P) AppleWebKit/537.36 (KHTML, like Gecko) Chrome/131.0.6778.139 Mobile Safari/537.36 (compatible; Googlebot/2.1; +http://www.google.com/bot.html)"
85.208.96.196 - - [25/Dec/2024:06:37:33 -0500] "GET /wp-content/pages.php/277sllje15240.html HTTP/1.1" 200 0 "-" "Mozilla/5.0 (compatible; SemrushBot/7~bl; +http://www.semrush.com/bot.html)"
85.208.96.196 - - [25/Dec/2024:06:37:55 -0500] "GET /wp-content/pages.php/13tjvui47137.html HTTP/1.1" 200 0 "-" "Mozilla/5.0 (compatible; SemrushBot/7~bl; +http://www.semrush.com/bot.html)"
66.249.77.233 - - [25/Dec/2024:06:38:09 -0500] "GET /goods/oocts118/16971?key=expert HTTP/1.1" 301 0 "-" "Mozilla/5.0 (Linux; Android 6.0.1; Nexus 5X Build/MMB29P) AppleWebKit/537.36 (KHTML, like Gecko) Chrome/131.0.6778.139 Mobile Safari/537.36 (compatible; Googlebot/2.1; +http://www.google.com/bot.html)"
66.249.69.70 - - [25/Dec/2024:06:38:09 -0500] "GET /goods/oocts118/16971?key=expert HTTP/1.1" 404 0 "-" "Mozilla/5.0 (Linux; Android 6.0.1; Nexus 5X Build/MMB29P) AppleWebKit/537.36 (KHTML, like Gecko) Chrome/131.0.6778.139 Mobile Safari/537.36 (compatible; Googlebot/2.1; +http://www.google.com/bot.html)"
185.191.171.11 - - [25/Dec/2024:06:38:20 -0500] "GET /search.php/197id38365.html HTTP/1.1" 200 0 "-" "Mozilla/5.0 (compatible; SemrushBot/7~bl; +http://www.semrush.com/bot.html)"
85.208.96.194 - - [25/Dec/2024:06:38:22 -0500] "GET /brand.php/92id24409.html HTTP/1.1" 200 0 "-" "Mozilla/5.0 (compatible; SemrushBot/7~bl; +http://www.semrush.com/bot.html)"
185.191.171.8 - - [25/Dec/2024:06:38:25 -0500] "GET /search.php/10id40433.html HTTP/1.1" 200 0 "-" "Mozilla/5.0 (compatible; SemrushBot/7~bl; +http://www.semrush.com/bot.html)"
185.191.171.13 - - [25/Dec/2024:06:38:27 -0500] "GET /wp-content/pages.php/243hquby21553.html HTTP/1.1" 200 0 "-" "Mozilla/5.0 (compatible; SemrushBot/7~bl; +http://www.semrush.com/bot.html)"
85.208.96.202 - - [25/Dec/2024:06:38:35 -0500] "GET /search.php/224id49773.html HTTP/1.1" 200 0 "-" "Mozilla/5.0 (compatible; SemrushBot/7~bl; +http://www.semrush.com/bot.html)"
162.0.235.196 - - [25/Dec/2024:06:38:58 -0500] "POST /wp-cron.php?doing_wp_cron=1735126738.7692770957946777343750 HTTP/1.1" 403 1242 "-" "WordPress/6.5.5; https://techywalls.com"
66.249.77.234 - - [25/Dec/2024:06:38:58 -0500] "GET /goods/ulymo1/13556?key=mud HTTP/1.1" 301 0 "-" "Mozilla/5.0 (Linux; Android 6.0.1; Nexus 5X Build/MMB29P) AppleWebKit/537.36 (KHTML, like Gecko) Chrome/131.0.6778.139 Mobile Safari/537.36 (compatible; Googlebot/2.1; +http://www.google.com/bot.html)"
66.249.69.71 - - [25/Dec/2024:06:38:59 -0500] "GET /goods/ulymo1/13556?key=mud HTTP/1.1" 404 0 "-" "Mozilla/5.0 (Linux; Android 6.0.1; Nexus 5X Build/MMB29P) AppleWebKit/537.36 (KHTML, like Gecko) Chrome/131.0.6778.139 Mobile Safari/537.36 (compatible; Googlebot/2.1; +http://www.google.com/bot.html)"
185.191.171.1 - - [25/Dec/2024:06:39:03 -0500] "GET /wp-content/pages.php/24zoplg9249.html HTTP/1.1" 200 0 "-" "Mozilla/5.0 (compatible; SemrushBot/7~bl; +http://www.semrush.com/bot.html)"
185.191.171.15 - - [25/Dec/2024:06:39:48 -0500] "GET /wp-content/pages.php/164qcguf11615.html HTTP/1.1" 200 0 "-" "Mozilla/5.0 (compatible; SemrushBot/7~bl; +http://www.semrush.com/bot.html)"
66.249.69.64 - - [25/Dec/2024:06:39:47 -0500] "GET /goods/vthsx178/15040?key=recording HTTP/1.1" 404 0 "-" "Mozilla/5.0 (Linux; Android 6.0.1; Nexus 5X Build/MMB29P) AppleWebKit/537.36 (KHTML, like Gecko) Chrome/131.0.6778.139 Mobile Safari/537.36 (compatible; Googlebot/2.1; +http://www.google.com/bot.html)"
185.191.171.11 - - [25/Dec/2024:06:39:59 -0500] "GET /wp-content/pages.php/9hgznw45714.html HTTP/1.1" 200 0 "-" "Mozilla/5.0 (compatible; SemrushBot/7~bl; +http://www.semrush.com/bot.html)"
185.191.171.3 - - [25/Dec/2024:06:40:17 -0500] "GET /wp-content/pages.php/130uhvnn34490.html HTTP/1.1" 200 0 "-" "Mozilla/5.0 (compatible; SemrushBot/7~bl; +http://www.semrush.com/bot.html)"
85.208.96.202 - - [25/Dec/2024:06:40:21 -0500] "GET /wp-content/pages.php/82laavw16549.html HTTP/1.1" 200 0 "-" "Mozilla/5.0 (compatible; SemrushBot/7~bl; +http://www.semrush.com/bot.html)"
85.208.96.210 - - [25/Dec/2024:06:40:28 -0500] "GET /search.php/72id8072.html HTTP/1.1" 200 0 "-" "Mozilla/5.0 (compatible; SemrushBot/7~bl; +http://www.semrush.com/bot.html)"
85.208.96.201 - - [25/Dec/2024:06:40:30 -0500] "GET /wp-content/pages.php/92ddfdu24103.html HTTP/1.1" 200 0 "-" "Mozilla/5.0 (compatible; SemrushBot/7~bl; +http://www.semrush.com/bot.html)"
162.0.235.196 - - [25/Dec/2024:06:40:40 -0500] "POST /wp-cron.php?doing_wp_cron=1735126840.3847589492797851562500 HTTP/1.1" 403 1242 "-" "WordPress/6.5.5; https://techywalls.com"
66.249.69.70 - - [25/Dec/2024:06:40:40 -0500] "GET /goods/bgkdb263/33036?key=text HTTP/1.1" 404 0 "-" "Mozilla/5.0 (Linux; Android 6.0.1; Nexus 5X Build/MMB29P) AppleWebKit/537.36 (KHTML, like Gecko) Chrome/131.0.6778.139 Mobile Safari/537.36 (compatible; Googlebot/2.1; +http://www.google.com/bot.html)"
185.191.171.14 - - [25/Dec/2024:06:40:40 -0500] "GET /wp-content/pages.php/172bcxyq35662.html HTTP/1.1" 200 0 "-" "Mozilla/5.0 (compatible; SemrushBot/7~bl; +http://www.semrush.com/bot.html)"
185.191.171.11 - - [25/Dec/2024:06:40:44 -0500] "GET /wp-content/pages.php/1qsboz33535.html HTTP/1.1" 200 0 "-" "Mozilla/5.0 (compatible; SemrushBot/7~bl; +http://www.semrush.com/bot.html)"
185.191.171.15 - - [25/Dec/2024:06:40:46 -0500] "GET /brand.php/65id48365.html HTTP/1.1" 200 0 "-" "Mozilla/5.0 (compatible; SemrushBot/7~bl; +http://www.semrush.com/bot.html)"
85.208.96.200 - - [25/Dec/2024:06:41:04 -0500] "GET /wp-content/pages.php/76hktec10457.html HTTP/1.1" 200 0 "-" "Mozilla/5.0 (compatible; SemrushBot/7~bl; +http://www.semrush.com/bot.html)"
85.208.96.207 - - [25/Dec/2024:06:41:13 -0500] "GET /wp-content/pages.php/47tqbuh5572.html HTTP/1.1" 200 0 "-" "Mozilla/5.0 (compatible; SemrushBot/7~bl; +http://www.semrush.com/bot.html)"
85.208.96.206 - - [25/Dec/2024:06:41:18 -0500] "GET /search.php/62id48459.html HTTP/1.1" 200 0 "-" "Mozilla/5.0 (compatible; SemrushBot/7~bl; +http://www.semrush.com/bot.html)"
85.208.96.205 - - [25/Dec/2024:06:41:23 -0500] "GET /search.php/147id31830.html HTTP/1.1" 200 0 "-" "Mozilla/5.0 (compatible; SemrushBot/7~bl; +http://www.semrush.com/bot.html)"
66.249.77.224 - - [25/Dec/2024:06:41:31 -0500] "GET /goods/zpxls1/9559?key=tone HTTP/1.1" 301 0 "-" "Mozilla/5.0 (Linux; Android 6.0.1; Nexus 5X Build/MMB29P) AppleWebKit/537.36 (KHTML, like Gecko) Chrome/131.0.6778.139 Mobile Safari/537.36 (compatible; Googlebot/2.1; +http://www.google.com/bot.html)"
66.249.69.64 - - [25/Dec/2024:06:41:32 -0500] "GET /goods/zpxls1/9559?key=tone HTTP/1.1" 404 0 "-" "Mozilla/5.0 (Linux; Android 6.0.1; Nexus 5X Build/MMB29P) AppleWebKit/537.36 (KHTML, like Gecko) Chrome/131.0.6778.139 Mobile Safari/537.36 (compatible; Googlebot/2.1; +http://www.google.com/bot.html)"
85.208.96.198 - - [25/Dec/2024:06:42:06 -0500] "GET /wp-content/pages.php/273mhwji49213.html HTTP/1.1" 200 0 "-" "Mozilla/5.0 (compatible; SemrushBot/7~bl; +http://www.semrush.com/bot.html)"
85.208.96.198 - - [25/Dec/2024:06:42:12 -0500] "GET /search.php/287id49482.html HTTP/1.1" 200 0 "-" "Mozilla/5.0 (compatible; SemrushBot/7~bl; +http://www.semrush.com/bot.html)"
162.0.235.196 - - [25/Dec/2024:06:42:17 -0500] "POST /wp-cron.php?doing_wp_cron=1735126936.9610109329223632812500 HTTP/1.1" 403 1242 "-" "WordPress/6.5.5; https://techywalls.com"
66.249.77.233 - - [25/Dec/2024:06:42:16 -0500] "GET /goods/rragr1/16969?key=reserve HTTP/1.1" 301 0 "-" "Mozilla/5.0 (Linux; Android 6.0.1; Nexus 5X Build/MMB29P) AppleWebKit/537.36 (KHTML, like Gecko) Chrome/131.0.6778.139 Mobile Safari/537.36 (compatible; Googlebot/2.1; +http://www.google.com/bot.html)"
66.249.69.67 - - [25/Dec/2024:06:42:17 -0500] "GET /goods/rragr1/16969?key=reserve HTTP/1.1" 404 0 "-" "Mozilla/5.0 (Linux; Android 6.0.1; Nexus 5X Build/MMB29P) AppleWebKit/537.36 (KHTML, like Gecko) Chrome/131.0.6778.139 Mobile Safari/537.36 (compatible; Googlebot/2.1; +http://www.google.com/bot.html)"
185.191.171.13 - - [25/Dec/2024:06:42:19 -0500] "GET /brand.php/147id7594.html HTTP/1.1" 200 0 "-" "Mozilla/5.0 (compatible; SemrushBot/7~bl; +http://www.semrush.com/bot.html)"
85.208.96.200 - - [25/Dec/2024:06:42:21 -0500] "GET /wp-content/pages.php/126xqgbp43027.html HTTP/1.1" 200 0 "-" "Mozilla/5.0 (compatible; SemrushBot/7~bl; +http://www.semrush.com/bot.html)"
85.208.96.202 - - [25/Dec/2024:06:42:30 -0500] "GET /search.php/242id26362.html HTTP/1.1" 200 0 "-" "Mozilla/5.0 (compatible; SemrushBot/7~bl; +http://www.semrush.com/bot.html)"
66.249.77.234 - - [25/Dec/2024:06:43:08 -0500] "GET /goods/kthxx134/38809?key=complaint HTTP/1.1" 301 0 "-" "Mozilla/5.0 (Linux; Android 6.0.1; Nexus 5X Build/MMB29P) AppleWebKit/537.36 (KHTML, like Gecko) Chrome/131.0.6778.139 Mobile Safari/537.36 (compatible; Googlebot/2.1; +http://www.google.com/bot.html)"
66.249.69.68 - - [25/Dec/2024:06:43:08 -0500] "GET /goods/kthxx134/38809?key=complaint HTTP/1.1" 404 0 "-" "Mozilla/5.0 (Linux; Android 6.0.1; Nexus 5X Build/MMB29P) AppleWebKit/537.36 (KHTML, like Gecko) Chrome/131.0.6778.139 Mobile Safari/537.36 (compatible; Googlebot/2.1; +http://www.google.com/bot.html)"
113.15.120.5 - - [25/Dec/2024:06:43:12 -0500] "POST /wp-comments-post.php HTTP/1.1" 403 1242 "-" "Mozilla/5.0 (Windows NT 10.0; Win64; x64) AppleWebKit/537.36 (KHTML, like Gecko) Chrome/108.0.0.0 Safari/537.36 Edg/108.0.1462.46"
85.208.96.207 - - [25/Dec/2024:06:43:17 -0500] "GET /search.php/114id9108.html HTTP/1.1" 200 0 "-" "Mozilla/5.0 (compatible; SemrushBot/7~bl; +http://www.semrush.com/bot.html)"
85.208.96.204 - - [25/Dec/2024:06:43:38 -0500] "GET /wp-content/pages.php/232jryfl22636.html HTTP/1.1" 200 0 "-" "Mozilla/5.0 (compatible; SemrushBot/7~bl; +http://www.semrush.com/bot.html)"
162.0.235.196 - - [25/Dec/2024:06:43:57 -0500] "POST /wp-cron.php?doing_wp_cron=1735127037.6507849693298339843750 HTTP/1.1" 403 1242 "-" "WordPress/6.5.5; https://techywalls.com"
66.249.77.226 - - [25/Dec/2024:06:43:57 -0500] "GET /goods/zpxls1/9559?key=cholesterol HTTP/1.1" 301 0 "-" "Mozilla/5.0 (Linux; Android 6.0.1; Nexus 5X Build/MMB29P) AppleWebKit/537.36 (KHTML, like Gecko) Chrome/131.0.6778.139 Mobile Safari/537.36 (compatible; Googlebot/2.1; +http://www.google.com/bot.html)"
66.249.69.66 - - [25/Dec/2024:06:43:58 -0500] "GET /goods/zpxls1/9559?key=cholesterol HTTP/1.1" 404 0 "-" "Mozilla/5.0 (Linux; Android 6.0.1; Nexus 5X Build/MMB29P) AppleWebKit/537.36 (KHTML, like Gecko) Chrome/131.0.6778.139 Mobile Safari/537.36 (compatible; Googlebot/2.1; +http://www.google.com/bot.html)"
185.191.171.5 - - [25/Dec/2024:06:44:12 -0500] "GET /wp-content/pages.php/81yrqqh10957.html HTTP/1.1" 200 0 "-" "Mozilla/5.0 (compatible; SemrushBot/7~bl; +http://www.semrush.com/bot.html)"
85.208.96.197 - - [25/Dec/2024:06:44:29 -0500] "GET /wp-content/pages.php/49mqkgs11396.html HTTP/1.1" 200 0 "-" "Mozilla/5.0 (compatible; SemrushBot/7~bl; +http://www.semrush.com/bot.html)"
185.191.171.2 - - [25/Dec/2024:06:44:38 -0500] "GET /wp-content/pages.php/230jueub20155.html HTTP/1.1" 200 0 "-" "Mozilla/5.0 (compatible; SemrushBot/7~bl; +http://www.semrush.com/bot.html)"
185.191.171.13 - - [25/Dec/2024:06:44:45 -0500] "GET /wp-content/pages.php/135ayugr29289.html HTTP/1.1" 200 0 "-" "Mozilla/5.0 (compatible; SemrushBot/7~bl; +http://www.semrush.com/bot.html)"
66.249.69.67 - - [25/Dec/2024:06:44:47 -0500] "GET /goods/vbrcp45/18757?key=exclusive HTTP/1.1" 404 0 "-" "Mozilla/5.0 (Linux; Android 6.0.1; Nexus 5X Build/MMB29P) AppleWebKit/537.36 (KHTML, like Gecko) Chrome/131.0.6778.139 Mobile Safari/537.36 (compatible; Googlebot/2.1; +http://www.google.com/bot.html)"
85.208.96.196 - - [25/Dec/2024:06:44:50 -0500] "GET /brand.php/9id33333.html HTTP/1.1" 200 0 "-" "Mozilla/5.0 (compatible; SemrushBot/7~bl; +http://www.semrush.com/bot.html)"
85.208.96.198 - - [25/Dec/2024:06:44:52 -0500] "GET /wp-content/pages.php/234nacoz8479.html HTTP/1.1" 200 0 "-" "Mozilla/5.0 (compatible; SemrushBot/7~bl; +http://www.semrush.com/bot.html)"
85.208.96.206 - - [25/Dec/2024:06:45:02 -0500] "GET /wp-content/pages.php/254ywdls26030.html HTTP/1.1" 200 0 "-" "Mozilla/5.0 (compatible; SemrushBot/7~bl; +http://www.semrush.com/bot.html)"
85.208.96.212 - - [25/Dec/2024:06:45:12 -0500] "GET /wp-content/pages.php/94yrqos36870.html HTTP/1.1" 200 0 "-" "Mozilla/5.0 (compatible; SemrushBot/7~bl; +http://www.semrush.com/bot.html)"
85.208.96.199 - - [25/Dec/2024:06:45:14 -0500] "GET /wp-content/pages.php/133iazru36788.html HTTP/1.1" 200 0 "-" "Mozilla/5.0 (compatible; SemrushBot/7~bl; +http://www.semrush.com/bot.html)"
185.191.171.17 - - [25/Dec/2024:06:45:29 -0500] "GET /brand.php/265id49823.html HTTP/1.1" 200 0 "-" "Mozilla/5.0 (compatible; SemrushBot/7~bl; +http://www.semrush.com/bot.html)"
162.0.235.196 - - [25/Dec/2024:06:45:42 -0500] "POST /wp-cron.php?doing_wp_cron=1735127142.1898379325866699218750 HTTP/1.1" 403 1242 "-" "WordPress/6.5.5; https://techywalls.com"
66.249.69.68 - - [25/Dec/2024:06:45:42 -0500] "GET /goods/zyntu28/19156?key=heart HTTP/1.1" 404 0 "-" "Mozilla/5.0 (Linux; Android 6.0.1; Nexus 5X Build/MMB29P) AppleWebKit/537.36 (KHTML, like Gecko) Chrome/131.0.6778.139 Mobile Safari/537.36 (compatible; Googlebot/2.1; +http://www.google.com/bot.html)"
185.191.171.13 - - [25/Dec/2024:06:45:43 -0500] "GET /wp-content/pages.php/174szbqo5103.html HTTP/1.1" 200 0 "-" "Mozilla/5.0 (compatible; SemrushBot/7~bl; +http://www.semrush.com/bot.html)"
185.191.171.1 - - [25/Dec/2024:06:46:06 -0500] "GET /brand.php/15id40049.html HTTP/1.1" 200 0 "-" "Mozilla/5.0 (compatible; SemrushBot/7~bl; +http://www.semrush.com/bot.html)"
185.191.171.10 - - [25/Dec/2024:06:46:11 -0500] "GET /wp-content/pages.php/239ricsi519.html HTTP/1.1" 200 0 "-" "Mozilla/5.0 (compatible; SemrushBot/7~bl; +http://www.semrush.com/bot.html)"
185.191.171.16 - - [25/Dec/2024:06:46:15 -0500] "GET /wp-content/pages.php/109babsi29760.html HTTP/1.1" 200 0 "-" "Mozilla/5.0 (compatible; SemrushBot/7~bl; +http://www.semrush.com/bot.html)"
185.191.171.7 - - [25/Dec/2024:06:46:35 -0500] "GET /brand.php/139id8303.html HTTP/1.1" 200 0 "-" "Mozilla/5.0 (compatible; SemrushBot/7~bl; +http://www.semrush.com/bot.html)"
66.249.69.68 - - [25/Dec/2024:06:46:35 -0500] "GET /goods/iinqr45/18595?key=nuclear HTTP/1.1" 404 0 "-" "Mozilla/5.0 (Linux; Android 6.0.1; Nexus 5X Build/MMB29P) AppleWebKit/537.36 (KHTML, like Gecko) Chrome/131.0.6778.139 Mobile Safari/537.36 (compatible; Googlebot/2.1; +http://www.google.com/bot.html)"
185.191.171.8 - - [25/Dec/2024:06:46:55 -0500] "GET /brand.php/282id21961.html HTTP/1.1" 200 0 "-" "Mozilla/5.0 (compatible; SemrushBot/7~bl; +http://www.semrush.com/bot.html)"
85.208.96.199 - - [25/Dec/2024:06:47:00 -0500] "GET /brand.php/298id16390.html HTTP/1.1" 200 0 "-" "Mozilla/5.0 (compatible; SemrushBot/7~bl; +http://www.semrush.com/bot.html)"
185.191.171.17 - - [25/Dec/2024:06:47:06 -0500] "GET /wp-content/pages.php/290etxhy42264.html HTTP/1.1" 200 0 "-" "Mozilla/5.0 (compatible; SemrushBot/7~bl; +http://www.semrush.com/bot.html)"
162.0.235.196 - - [25/Dec/2024:06:47:11 -0500] "POST /wp-cron.php?doing_wp_cron=1735127231.7592248916625976562500 HTTP/1.1" 403 1242 "-" "WordPress/6.5.5; https://techywalls.com"
66.249.69.66 - - [25/Dec/2024:06:47:11 -0500] "GET /goods/gzece179/40989?key=worried HTTP/1.1" 404 0 "-" "Mozilla/5.0 (Linux; Android 6.0.1; Nexus 5X Build/MMB29P) AppleWebKit/537.36 (KHTML, like Gecko) Chrome/131.0.6778.139 Mobile Safari/537.36 (compatible; Googlebot/2.1; +http://www.google.com/bot.html)"
66.249.77.228 - - [25/Dec/2024:06:48:01 -0500] "GET /goods/oehaa216/4443?key=straw HTTP/1.1" 301 0 "-" "Mozilla/5.0 (Linux; Android 6.0.1; Nexus 5X Build/MMB29P) AppleWebKit/537.36 (KHTML, like Gecko) Chrome/131.0.6778.139 Mobile Safari/537.36 (compatible; Googlebot/2.1; +http://www.google.com/bot.html)"
66.249.69.67 - - [25/Dec/2024:06:48:01 -0500] "GET /goods/oehaa216/4443?key=straw HTTP/1.1" 404 0 "-" "Mozilla/5.0 (Linux; Android 6.0.1; Nexus 5X Build/MMB29P) AppleWebKit/537.36 (KHTML, like Gecko) Chrome/131.0.6778.139 Mobile Safari/537.36 (compatible; Googlebot/2.1; +http://www.google.com/bot.html)"
85.208.96.201 - - [25/Dec/2024:06:48:19 -0500] "GET /wp-content/pages.php/264hpxzc31714.html HTTP/1.1" 200 0 "-" "Mozilla/5.0 (compatible; SemrushBot/7~bl; +http://www.semrush.com/bot.html)"
85.208.96.206 - - [25/Dec/2024:06:48:27 -0500] "GET /brand.php/127id2087.html HTTP/1.1" 200 0 "-" "Mozilla/5.0 (compatible; SemrushBot/7~bl; +http://www.semrush.com/bot.html)"
185.191.171.7 - - [25/Dec/2024:06:48:30 -0500] "GET /wp-content/pages.php/236uwqde7138.html HTTP/1.1" 200 0 "-" "Mozilla/5.0 (compatible; SemrushBot/7~bl; +http://www.semrush.com/bot.html)"
85.208.96.210 - - [25/Dec/2024:06:48:46 -0500] "GET /wp-content/pages.php/216sngqv1279.html HTTP/1.1" 200 0 "-" "Mozilla/5.0 (compatible; SemrushBot/7~bl; +http://www.semrush.com/bot.html)"
162.0.235.196 - - [25/Dec/2024:06:48:52 -0500] "POST /wp-cron.php?doing_wp_cron=1735127332.4079730510711669921875 HTTP/1.1" 403 1242 "-" "WordPress/6.5.5; https://techywalls.com"
66.249.69.67 - - [25/Dec/2024:06:48:52 -0500] "GET /goods/tanqi45/575?key=graduate HTTP/1.1" 404 0 "-" "Mozilla/5.0 (Linux; Android 6.0.1; Nexus 5X Build/MMB29P) AppleWebKit/537.36 (KHTML, like Gecko) Chrome/131.0.6778.139 Mobile Safari/537.36 (compatible; Googlebot/2.1; +http://www.google.com/bot.html)"
185.191.171.1 - - [25/Dec/2024:06:48:59 -0500] "GET /wp-content/pages.php/299fkhkf147.html HTTP/1.1" 200 0 "-" "Mozilla/5.0 (compatible; SemrushBot/7~bl; +http://www.semrush.com/bot.html)"
66.249.77.233 - - [25/Dec/2024:06:49:00 -0500] "GET /goods/qsrqc270/5842?key=rare HTTP/1.1" 301 0 "-" "Mozilla/5.0 (Linux; Android 6.0.1; Nexus 5X Build/MMB29P) AppleWebKit/537.36 (KHTML, like Gecko) Chrome/131.0.6778.139 Mobile Safari/537.36 (compatible; Googlebot/2.1; +http://www.google.com/bot.html)"
66.249.69.67 - - [25/Dec/2024:06:49:01 -0500] "GET /goods/qsrqc270/5842?key=rare HTTP/1.1" 404 0 "-" "Mozilla/5.0 (Linux; Android 6.0.1; Nexus 5X Build/MMB29P) AppleWebKit/537.36 (KHTML, like Gecko) Chrome/131.0.6778.139 Mobile Safari/537.36 (compatible; Googlebot/2.1; +http://www.google.com/bot.html)"
185.191.171.19 - - [25/Dec/2024:06:49:01 -0500] "GET /wp-content/pages.php/27cxoga14090.html HTTP/1.1" 200 0 "-" "Mozilla/5.0 (compatible; SemrushBot/7~bl; +http://www.semrush.com/bot.html)"
185.191.171.5 - - [25/Dec/2024:06:49:07 -0500] "GET /brand.php/140id12011.html HTTP/1.1" 200 0 "-" "Mozilla/5.0 (compatible; SemrushBot/7~bl; +http://www.semrush.com/bot.html)"
85.208.96.204 - - [25/Dec/2024:06:49:17 -0500] "GET /wp-content/pages.php/138xlthe18833.html HTTP/1.1" 200 0 "-" "Mozilla/5.0 (compatible; SemrushBot/7~bl; +http://www.semrush.com/bot.html)"
185.191.171.8 - - [25/Dec/2024:06:49:23 -0500] "GET /wp-content/pages.php/263ewniw11211.html HTTP/1.1" 200 0 "-" "Mozilla/5.0 (compatible; SemrushBot/7~bl; +http://www.semrush.com/bot.html)"
66.249.77.233 - - [25/Dec/2024:06:49:47 -0500] "GET /goods/ulymo1/13556?key=stack HTTP/1.1" 301 0 "-" "Mozilla/5.0 (Linux; Android 6.0.1; Nexus 5X Build/MMB29P) AppleWebKit/537.36 (KHTML, like Gecko) Chrome/131.0.6778.139 Mobile Safari/537.36 (compatible; Googlebot/2.1; +http://www.google.com/bot.html)"
66.249.69.67 - - [25/Dec/2024:06:49:47 -0500] "GET /goods/ulymo1/13556?key=stack HTTP/1.1" 404 0 "-" "Mozilla/5.0 (Linux; Android 6.0.1; Nexus 5X Build/MMB29P) AppleWebKit/537.36 (KHTML, like Gecko) Chrome/131.0.6778.139 Mobile Safari/537.36 (compatible; Googlebot/2.1; +http://www.google.com/bot.html)"
185.191.171.5 - - [25/Dec/2024:06:49:49 -0500] "GET /wp-content/pages.php/226qrvrz43798.html HTTP/1.1" 200 0 "-" "Mozilla/5.0 (compatible; SemrushBot/7~bl; +http://www.semrush.com/bot.html)"
85.208.96.197 - - [25/Dec/2024:06:50:01 -0500] "GET /wp-content/pages.php/270uoyie23586.html HTTP/1.1" 200 0 "-" "Mozilla/5.0 (compatible; SemrushBot/7~bl; +http://www.semrush.com/bot.html)"
162.0.235.196 - - [25/Dec/2024:06:50:01 -0500] "POST /wp-cron.php?doing_wp_cron=1735127401.5407180786132812500000 HTTP/1.1" 403 1242 "-" "WordPress/6.5.5; https://techywalls.com"
66.249.77.224 - - [25/Dec/2024:06:50:01 -0500] "GET /goods/ffpez185/29449?key=baby HTTP/1.1" 301 0 "-" "Mozilla/5.0 (Linux; Android 6.0.1; Nexus 5X Build/MMB29P) AppleWebKit/537.36 (KHTML, like Gecko) Chrome/131.0.6778.139 Mobile Safari/537.36 (compatible; Googlebot/2.1; +http://www.google.com/bot.html)"
66.249.69.66 - - [25/Dec/2024:06:50:02 -0500] "GET /goods/ffpez185/29449?key=baby HTTP/1.1" 404 0 "-" "Mozilla/5.0 (Linux; Android 6.0.1; Nexus 5X Build/MMB29P) AppleWebKit/537.36 (KHTML, like Gecko) Chrome/131.0.6778.139 Mobile Safari/537.36 (compatible; Googlebot/2.1; +http://www.google.com/bot.html)"
85.208.96.194 - - [25/Dec/2024:06:50:08 -0500] "GET /search.php/54id31734.html HTTP/1.1" 200 0 "-" "Mozilla/5.0 (compatible; SemrushBot/7~bl; +http://www.semrush.com/bot.html)"
66.249.77.234 - - [25/Dec/2024:06:50:31 -0500] "GET /goods/tjdxg1/906?key=no HTTP/1.1" 301 0 "-" "Mozilla/5.0 (Linux; Android 6.0.1; Nexus 5X Build/MMB29P) AppleWebKit/537.36 (KHTML, like Gecko) Chrome/131.0.6778.139 Mobile Safari/537.36 (compatible; Googlebot/2.1; +http://www.google.com/bot.html)"
66.249.69.66 - - [25/Dec/2024:06:50:32 -0500] "GET /goods/tjdxg1/906?key=no HTTP/1.1" 404 0 "-" "Mozilla/5.0 (Linux; Android 6.0.1; Nexus 5X Build/MMB29P) AppleWebKit/537.36 (KHTML, like Gecko) Chrome/131.0.6778.139 Mobile Safari/537.36 (compatible; Googlebot/2.1; +http://www.google.com/bot.html)"
185.191.171.12 - - [25/Dec/2024:06:50:35 -0500] "GET /brand.php/233id15278.html HTTP/1.1" 200 0 "-" "Mozilla/5.0 (compatible; SemrushBot/7~bl; +http://www.semrush.com/bot.html)"
185.191.171.7 - - [25/Dec/2024:06:50:38 -0500] "GET /brand.php/101id27455.html HTTP/1.1" 200 0 "-" "Mozilla/5.0 (compatible; SemrushBot/7~bl; +http://www.semrush.com/bot.html)"
85.208.96.204 - - [25/Dec/2024:06:50:47 -0500] "GET /wp-content/pages.php/128qeenm1136.html HTTP/1.1" 200 0 "-" "Mozilla/5.0 (compatible; SemrushBot/7~bl; +http://www.semrush.com/bot.html)"
85.208.96.209 - - [25/Dec/2024:06:51:04 -0500] "GET /search.php/199id27612.html HTTP/1.1" 200 0 "-" "Mozilla/5.0 (compatible; SemrushBot/7~bl; +http://www.semrush.com/bot.html)"
162.0.235.196 - - [25/Dec/2024:06:51:30 -0500] "POST /wp-cron.php?doing_wp_cron=1735127490.2099618911743164062500 HTTP/1.1" 403 1242 "-" "WordPress/6.5.5; https://techywalls.com"
66.249.77.233 - - [25/Dec/2024:06:51:30 -0500] "GET /goods/ulymo1/13556?key=clue HTTP/1.1" 301 0 "-" "Mozilla/5.0 (Linux; Android 6.0.1; Nexus 5X Build/MMB29P) AppleWebKit/537.36 (KHTML, like Gecko) Chrome/131.0.6778.139 Mobile Safari/537.36 (compatible; Googlebot/2.1; +http://www.google.com/bot.html)"
66.249.69.66 - - [25/Dec/2024:06:51:30 -0500] "GET /goods/ulymo1/13556?key=clue HTTP/1.1" 404 0 "-" "Mozilla/5.0 (Linux; Android 6.0.1; Nexus 5X Build/MMB29P) AppleWebKit/537.36 (KHTML, like Gecko) Chrome/131.0.6778.139 Mobile Safari/537.36 (compatible; Googlebot/2.1; +http://www.google.com/bot.html)"
185.191.171.16 - - [25/Dec/2024:06:51:36 -0500] "GET /brand.php/119id25317.html HTTP/1.1" 200 0 "-" "Mozilla/5.0 (compatible; SemrushBot/7~bl; +http://www.semrush.com/bot.html)"
85.208.96.210 - - [25/Dec/2024:06:51:44 -0500] "GET /wp-content/pages.php/61vttzt35794.html HTTP/1.1" 200 0 "-" "Mozilla/5.0 (compatible; SemrushBot/7~bl; +http://www.semrush.com/bot.html)"
138.199.60.187 - - [25/Dec/2024:06:51:54 -0500] "GET /wp-login.php HTTP/1.1" 302 0 "-" "Mozila/5.0"
138.199.60.187 - - [25/Dec/2024:06:51:55 -0500] "GET /wp-login.php HTTP/1.1" 302 0 "-" "Mozila/5.0"
138.199.60.187 - - [25/Dec/2024:06:51:56 -0500] "GET /wp-login.php HTTP/1.1" 302 0 "-" "Mozila/5.0"
138.199.60.187 - - [25/Dec/2024:06:51:56 -0500] "GET /wp-login.php HTTP/1.1" 302 0 "-" "Mozila/5.0"
138.199.60.187 - - [25/Dec/2024:06:52:00 -0500] "GET /wp-login.php HTTP/1.1" 302 0 "-" "Mozila/5.0"
138.199.60.187 - - [25/Dec/2024:06:52:04 -0500] "GET /wp-login.php HTTP/1.1" 302 0 "-" "Mozila/5.0"
138.199.60.187 - - [25/Dec/2024:06:52:05 -0500] "GET /wp-login.php HTTP/1.1" 302 0 "-" "Mozila/5.0"
66.249.77.234 - - [25/Dec/2024:06:52:07 -0500] "GET /goods/srnsr176/23772?key=justify HTTP/1.1" 301 0 "-" "Mozilla/5.0 (Linux; Android 6.0.1; Nexus 5X Build/MMB29P) AppleWebKit/537.36 (KHTML, like Gecko) Chrome/131.0.6778.139 Mobile Safari/537.36 (compatible; Googlebot/2.1; +http://www.google.com/bot.html)"
138.199.60.187 - - [25/Dec/2024:06:52:07 -0500] "GET /wp-login.php HTTP/1.1" 302 0 "-" "Mozila/5.0"
66.249.69.66 - - [25/Dec/2024:06:52:07 -0500] "GET /goods/srnsr176/23772?key=justify HTTP/1.1" 404 0 "-" "Mozilla/5.0 (Linux; Android 6.0.1; Nexus 5X Build/MMB29P) AppleWebKit/537.36 (KHTML, like Gecko) Chrome/131.0.6778.139 Mobile Safari/537.36 (compatible; Googlebot/2.1; +http://www.google.com/bot.html)"
138.199.60.187 - - [25/Dec/2024:06:52:08 -0500] "GET /wp-login.php HTTP/1.1" 302 0 "-" "Mozila/5.0"
138.199.60.187 - - [25/Dec/2024:06:52:09 -0500] "GET /wp-login.php HTTP/1.1" 302 0 "-" "Mozila/5.0"
138.199.60.187 - - [25/Dec/2024:06:52:09 -0500] "GET /wp-login.php HTTP/1.1" 302 0 "-" "Mozila/5.0"
138.199.60.187 - - [25/Dec/2024:06:52:11 -0500] "GET /wp-login.php HTTP/1.1" 302 0 "-" "Mozila/5.0"
138.199.60.187 - - [25/Dec/2024:06:52:12 -0500] "GET /wp-login.php HTTP/1.1" 302 0 "-" "Mozila/5.0"
138.199.60.187 - - [25/Dec/2024:06:52:14 -0500] "GET /wp-login.php HTTP/1.1" 302 0 "-" "Mozila/5.0"
138.199.60.187 - - [25/Dec/2024:06:52:15 -0500] "GET /wp-login.php HTTP/1.1" 302 0 "-" "Mozila/5.0"
138.199.60.187 - - [25/Dec/2024:06:52:16 -0500] "GET /wp-login.php HTTP/1.1" 302 0 "-" "Mozila/5.0"
138.199.60.187 - - [25/Dec/2024:06:52:17 -0500] "GET /wp-login.php HTTP/1.1" 302 0 "-" "Mozila/5.0"
138.199.60.187 - - [25/Dec/2024:06:52:17 -0500] "GET /wp-login.php HTTP/1.1" 302 0 "-" "Mozila/5.0"
138.199.60.187 - - [25/Dec/2024:06:52:17 -0500] "GET /wp-login.php HTTP/1.1" 302 0 "-" "Mozila/5.0"
138.199.60.187 - - [25/Dec/2024:06:52:18 -0500] "GET /wp-login.php HTTP/1.1" 302 0 "-" "Mozila/5.0"
138.199.60.187 - - [25/Dec/2024:06:52:19 -0500] "GET /wp-login.php HTTP/1.1" 302 0 "-" "Mozila/5.0"
138.199.60.187 - - [25/Dec/2024:06:52:19 -0500] "GET /wp-login.php HTTP/1.1" 302 0 "-" "Mozila/5.0"
138.199.60.187 - - [25/Dec/2024:06:52:20 -0500] "GET /wp-login.php HTTP/1.1" 302 0 "-" "Mozila/5.0"
138.199.60.187 - - [25/Dec/2024:06:52:20 -0500] "GET /wp-login.php HTTP/1.1" 302 0 "-" "Mozila/5.0"
138.199.60.187 - - [25/Dec/2024:06:52:21 -0500] "GET /wp-login.php HTTP/1.1" 302 0 "-" "Mozila/5.0"
138.199.60.187 - - [25/Dec/2024:06:52:21 -0500] "GET /wp-login.php HTTP/1.1" 302 0 "-" "Mozila/5.0"
138.199.60.187 - - [25/Dec/2024:06:52:22 -0500] "GET /wp-login.php HTTP/1.1" 302 0 "-" "Mozila/5.0"
138.199.60.187 - - [25/Dec/2024:06:52:22 -0500] "GET /wp-login.php HTTP/1.1" 302 0 "-" "Mozila/5.0"
138.199.60.187 - - [25/Dec/2024:06:52:23 -0500] "GET /wp-login.php HTTP/1.1" 302 0 "-" "Mozila/5.0"
138.199.60.187 - - [25/Dec/2024:06:52:24 -0500] "GET /wp-login.php HTTP/1.1" 302 0 "-" "Mozila/5.0"
138.199.60.187 - - [25/Dec/2024:06:52:24 -0500] "GET /wp-login.php HTTP/1.1" 302 0 "-" "Mozila/5.0"
185.191.171.19 - - [25/Dec/2024:06:52:29 -0500] "GET /search.php/90id45393.html HTTP/1.1" 200 0 "-" "Mozilla/5.0 (compatible; SemrushBot/7~bl; +http://www.semrush.com/bot.html)"
185.191.171.17 - - [25/Dec/2024:06:52:35 -0500] "GET /wp-content/pages.php/260vzgpp33507.html HTTP/1.1" 200 0 "-" "Mozilla/5.0 (compatible; SemrushBot/7~bl; +http://www.semrush.com/bot.html)"
85.208.96.199 - - [25/Dec/2024:06:52:37 -0500] "GET /wp-content/pages.php/159aehop28175.html HTTP/1.1" 200 0 "-" "Mozilla/5.0 (compatible; SemrushBot/7~bl; +http://www.semrush.com/bot.html)"
185.191.171.13 - - [25/Dec/2024:06:52:47 -0500] "GET /wp-content/pages.php/123ezzts6569.html HTTP/1.1" 200 0 "-" "Mozilla/5.0 (compatible; SemrushBot/7~bl; +http://www.semrush.com/bot.html)"
162.0.235.196 - - [25/Dec/2024:06:52:56 -0500] "POST /wp-cron.php?doing_wp_cron=1735127576.8796861171722412109375 HTTP/1.1" 403 1242 "-" "WordPress/6.5.5; https://techywalls.com"
66.249.77.234 - - [25/Dec/2024:06:52:56 -0500] "GET /goods/ulymo1/13556?key=large HTTP/1.1" 301 0 "-" "Mozilla/5.0 (Linux; Android 6.0.1; Nexus 5X Build/MMB29P) AppleWebKit/537.36 (KHTML, like Gecko) Chrome/131.0.6778.139 Mobile Safari/537.36 (compatible; Googlebot/2.1; +http://www.google.com/bot.html)"
66.249.69.66 - - [25/Dec/2024:06:52:57 -0500] "GET /goods/ulymo1/13556?key=large HTTP/1.1" 404 0 "-" "Mozilla/5.0 (Linux; Android 6.0.1; Nexus 5X Build/MMB29P) AppleWebKit/537.36 (KHTML, like Gecko) Chrome/131.0.6778.139 Mobile Safari/537.36 (compatible; Googlebot/2.1; +http://www.google.com/bot.html)"
185.191.171.13 - - [25/Dec/2024:06:53:01 -0500] "GET /search.php/252id46390.html HTTP/1.1" 200 0 "-" "Mozilla/5.0 (compatible; SemrushBot/7~bl; +http://www.semrush.com/bot.html)"
185.191.171.17 - - [25/Dec/2024:06:53:10 -0500] "GET /wp-content/pages.php/255zauao47971.html HTTP/1.1" 200 0 "-" "Mozilla/5.0 (compatible; SemrushBot/7~bl; +http://www.semrush.com/bot.html)"
85.208.96.211 - - [25/Dec/2024:06:53:17 -0500] "GET /wp-content/pages.php/180myhqi49521.html HTTP/1.1" 200 0 "-" "Mozilla/5.0 (compatible; SemrushBot/7~bl; +http://www.semrush.com/bot.html)"
185.191.171.8 - - [25/Dec/2024:06:53:23 -0500] "GET /wp-content/pages.php/244wzoal23208.html HTTP/1.1" 200 0 "-" "Mozilla/5.0 (compatible; SemrushBot/7~bl; +http://www.semrush.com/bot.html)"
185.191.171.9 - - [25/Dec/2024:06:53:25 -0500] "GET /wp-content/pages.php/138bzbvb29870.html HTTP/1.1" 200 0 "-" "Mozilla/5.0 (compatible; SemrushBot/7~bl; +http://www.semrush.com/bot.html)"
185.191.171.4 - - [25/Dec/2024:06:53:26 -0500] "GET /search.php/5id49432.html HTTP/1.1" 200 0 "-" "Mozilla/5.0 (compatible; SemrushBot/7~bl; +http://www.semrush.com/bot.html)"
85.208.96.203 - - [25/Dec/2024:06:53:28 -0500] "GET /wp-content/pages.php/248izcvq29708.html HTTP/1.1" 200 0 "-" "Mozilla/5.0 (compatible; SemrushBot/7~bl; +http://www.semrush.com/bot.html)"
66.249.77.224 - - [25/Dec/2024:06:53:51 -0500] "GET /goods/wwgcj254/44315?key=everybody HTTP/1.1" 301 0 "-" "Mozilla/5.0 (Linux; Android 6.0.1; Nexus 5X Build/MMB29P) AppleWebKit/537.36 (KHTML, like Gecko) Chrome/131.0.6778.139 Mobile Safari/537.36 (compatible; Googlebot/2.1; +http://www.google.com/bot.html)"
66.249.69.64 - - [25/Dec/2024:06:53:52 -0500] "GET /goods/wwgcj254/44315?key=everybody HTTP/1.1" 404 0 "-" "Mozilla/5.0 (Linux; Android 6.0.1; Nexus 5X Build/MMB29P) AppleWebKit/537.36 (KHTML, like Gecko) Chrome/131.0.6778.139 Mobile Safari/537.36 (compatible; Googlebot/2.1; +http://www.google.com/bot.html)"
185.191.171.2 - - [25/Dec/2024:06:54:05 -0500] "GET /wp-content/pages.php/12oygub45326.html HTTP/1.1" 200 0 "-" "Mozilla/5.0 (compatible; SemrushBot/7~bl; +http://www.semrush.com/bot.html)"
162.0.235.196 - - [25/Dec/2024:06:54:11 -0500] "POST /wp-cron.php?doing_wp_cron=1735127651.6096580028533935546875 HTTP/1.1" 403 1242 "-" "WordPress/6.5.5; https://techywalls.com"
17.241.219.116 - - [25/Dec/2024:06:54:11 -0500] "GET /how-to-make-our-floor-covering-look-solid-by-eliminating-old-stains/ HTTP/1.1" 200 0 "-" "Mozilla/5.0 (Macintosh; Intel Mac OS X 10_15_7) AppleWebKit/605.1.15 (KHTML, like Gecko) Version/17.4 Safari/605.1.15 (Applebot/0.1; +http://www.apple.com/go/applebot)"
185.191.171.1 - - [25/Dec/2024:06:54:29 -0500] "GET /brand.php/50id21249.html HTTP/1.1" 200 0 "-" "Mozilla/5.0 (compatible; SemrushBot/7~bl; +http://www.semrush.com/bot.html)"
185.191.171.5 - - [25/Dec/2024:06:54:36 -0500] "GET /wp-content/pages.php/250mgoss14242.html HTTP/1.1" 200 0 "-" "Mozilla/5.0 (compatible; SemrushBot/7~bl; +http://www.semrush.com/bot.html)"
66.249.77.224 - - [25/Dec/2024:06:54:40 -0500] "GET /goods/icgsd1/15584?key=dynamics HTTP/1.1" 301 0 "-" "Mozilla/5.0 (Linux; Android 6.0.1; Nexus 5X Build/MMB29P) AppleWebKit/537.36 (KHTML, like Gecko) Chrome/131.0.6778.139 Mobile Safari/537.36 (compatible; Googlebot/2.1; +http://www.google.com/bot.html)"
66.249.69.71 - - [25/Dec/2024:06:54:40 -0500] "GET /goods/icgsd1/15584?key=dynamics HTTP/1.1" 404 0 "-" "Mozilla/5.0 (Linux; Android 6.0.1; Nexus 5X Build/MMB29P) AppleWebKit/537.36 (KHTML, like Gecko) Chrome/131.0.6778.139 Mobile Safari/537.36 (compatible; Googlebot/2.1; +http://www.google.com/bot.html)"
114.119.151.179 - - [25/Dec/2024:06:54:41 -0500] "GET /author/techywalls/page/4/ HTTP/1.1" 200 0 "https://techywalls.com/author/techywalls/page/3/" "Mozilla/5.0 (Linux; Android 7.0;) AppleWebKit/537.36 (KHTML, like Gecko) Mobile Safari/537.36 (compatible; PetalBot;+https://webmaster.petalsearch.com/site/petalbot)"
185.191.171.1 - - [25/Dec/2024:06:54:51 -0500] "GET /wp-content/pages.php/16tyhdj11396.html HTTP/1.1" 200 0 "-" "Mozilla/5.0 (compatible; SemrushBot/7~bl; +http://www.semrush.com/bot.html)"
85.208.96.204 - - [25/Dec/2024:06:54:52 -0500] "GET /search.php/280id28720.html HTTP/1.1" 200 0 "-" "Mozilla/5.0 (compatible; SemrushBot/7~bl; +http://www.semrush.com/bot.html)"
185.191.171.14 - - [25/Dec/2024:06:55:20 -0500] "GET /brand.php/117id44301.html HTTP/1.1" 200 0 "-" "Mozilla/5.0 (compatible; SemrushBot/7~bl; +http://www.semrush.com/bot.html)"
162.0.235.196 - - [25/Dec/2024:06:55:32 -0500] "POST /wp-cron.php?doing_wp_cron=1735127732.6384170055389404296875 HTTP/1.1" 403 1242 "-" "WordPress/6.5.5; https://techywalls.com"
66.249.77.234 - - [25/Dec/2024:06:55:32 -0500] "GET /goods/icgsd1/15584?key=spouse HTTP/1.1" 301 0 "-" "Mozilla/5.0 (Linux; Android 6.0.1; Nexus 5X Build/MMB29P) AppleWebKit/537.36 (KHTML, like Gecko) Chrome/131.0.6778.139 Mobile Safari/537.36 (compatible; Googlebot/2.1; +http://www.google.com/bot.html)"
66.249.69.71 - - [25/Dec/2024:06:55:33 -0500] "GET /goods/icgsd1/15584?key=spouse HTTP/1.1" 404 0 "-" "Mozilla/5.0 (Linux; Android 6.0.1; Nexus 5X Build/MMB29P) AppleWebKit/537.36 (KHTML, like Gecko) Chrome/131.0.6778.139 Mobile Safari/537.36 (compatible; Googlebot/2.1; +http://www.google.com/bot.html)"
66.249.77.224 - - [25/Dec/2024:06:56:15 -0500] "GET /goods/rrtug249/6807?key=organic HTTP/1.1" 301 0 "-" "Mozilla/5.0 (Linux; Android 6.0.1; Nexus 5X Build/MMB29P) AppleWebKit/537.36 (KHTML, like Gecko) Chrome/131.0.6778.139 Mobile Safari/537.36 (compatible; Googlebot/2.1; +http://www.google.com/bot.html)"
66.249.69.71 - - [25/Dec/2024:06:56:16 -0500] "GET /goods/rrtug249/6807?key=organic HTTP/1.1" 404 0 "-" "Mozilla/5.0 (Linux; Android 6.0.1; Nexus 5X Build/MMB29P) AppleWebKit/537.36 (KHTML, like Gecko) Chrome/131.0.6778.139 Mobile Safari/537.36 (compatible; Googlebot/2.1; +http://www.google.com/bot.html)"
85.208.96.212 - - [25/Dec/2024:06:56:28 -0500] "GET /wp-content/pages.php/272zczom13356.html HTTP/1.1" 200 0 "-" "Mozilla/5.0 (compatible; SemrushBot/7~bl; +http://www.semrush.com/bot.html)"
185.191.171.10 - - [25/Dec/2024:06:56:35 -0500] "GET /wp-content/pages.php/76avicd37464.html HTTP/1.1" 200 0 "-" "Mozilla/5.0 (compatible; SemrushBot/7~bl; +http://www.semrush.com/bot.html)"
185.191.171.9 - - [25/Dec/2024:06:56:46 -0500] "GET /search.php/266id7696.html HTTP/1.1" 200 0 "-" "Mozilla/5.0 (compatible; SemrushBot/7~bl; +http://www.semrush.com/bot.html)"
185.191.171.9 - - [25/Dec/2024:06:56:50 -0500] "GET /wp-content/pages.php/58xtwad40238.html HTTP/1.1" 200 0 "-" "Mozilla/5.0 (compatible; SemrushBot/7~bl; +http://www.semrush.com/bot.html)"
185.191.171.15 - - [25/Dec/2024:06:56:58 -0500] "GET /wp-content/pages.php/242mbkvq44494.html HTTP/1.1" 200 0 "-" "Mozilla/5.0 (compatible; SemrushBot/7~bl; +http://www.semrush.com/bot.html)"
162.0.235.196 - - [25/Dec/2024:06:57:04 -0500] "POST /wp-cron.php?doing_wp_cron=1735127824.1965138912200927734375 HTTP/1.1" 403 1242 "-" "WordPress/6.5.5; https://techywalls.com"
66.249.69.64 - - [25/Dec/2024:06:57:04 -0500] "GET /goods/hilwr221/35436?key=wear HTTP/1.1" 404 0 "-" "Mozilla/5.0 (Linux; Android 6.0.1; Nexus 5X Build/MMB29P) AppleWebKit/537.36 (KHTML, like Gecko) Chrome/131.0.6778.139 Mobile Safari/537.36 (compatible; Googlebot/2.1; +http://www.google.com/bot.html)"
185.191.171.9 - - [25/Dec/2024:06:57:06 -0500] "GET /brand.php/286id29819.html HTTP/1.1" 200 0 "-" "Mozilla/5.0 (compatible; SemrushBot/7~bl; +http://www.semrush.com/bot.html)"
85.208.96.204 - - [25/Dec/2024:06:57:24 -0500] "GET /search.php/261id6057.html HTTP/1.1" 200 0 "-" "Mozilla/5.0 (compatible; SemrushBot/7~bl; +http://www.semrush.com/bot.html)"
185.191.171.14 - - [25/Dec/2024:06:57:26 -0500] "GET /wp-content/pages.php/112nhwml15892.html HTTP/1.1" 200 0 "-" "Mozilla/5.0 (compatible; SemrushBot/7~bl; +http://www.semrush.com/bot.html)"
185.191.171.8 - - [25/Dec/2024:06:57:28 -0500] "GET /wp-content/pages.php/230dmrkr18821.html HTTP/1.1" 200 0 "-" "Mozilla/5.0 (compatible; SemrushBot/7~bl; +http://www.semrush.com/bot.html)"
85.208.96.201 - - [25/Dec/2024:06:57:48 -0500] "GET /wp-content/pages.php/28mxnfm28083.html HTTP/1.1" 200 0 "-" "Mozilla/5.0 (compatible; SemrushBot/7~bl; +http://www.semrush.com/bot.html)"
85.208.96.206 - - [25/Dec/2024:06:57:50 -0500] "GET /brand.php/145id37488.html HTTP/1.1" 200 0 "-" "Mozilla/5.0 (compatible; SemrushBot/7~bl; +http://www.semrush.com/bot.html)"
66.249.69.71 - - [25/Dec/2024:06:57:54 -0500] "GET /goods/lkhzm77/36878?key=actually HTTP/1.1" 404 0 "-" "Mozilla/5.0 (Linux; Android 6.0.1; Nexus 5X Build/MMB29P) AppleWebKit/537.36 (KHTML, like Gecko) Chrome/131.0.6778.139 Mobile Safari/537.36 (compatible; Googlebot/2.1; +http://www.google.com/bot.html)"
85.208.96.209 - - [25/Dec/2024:06:58:13 -0500] "GET /wp-content/pages.php/281ghndx692.html HTTP/1.1" 200 0 "-" "Mozilla/5.0 (compatible; SemrushBot/7~bl; +http://www.semrush.com/bot.html)"
185.191.171.1 - - [25/Dec/2024:06:58:37 -0500] "GET /search.php/66id47393.html HTTP/1.1" 200 0 "-" "Mozilla/5.0 (compatible; SemrushBot/7~bl; +http://www.semrush.com/bot.html)"
185.191.171.4 - - [25/Dec/2024:06:58:38 -0500] "GET /wp-content/pages.php/174zevak16496.html HTTP/1.1" 200 0 "-" "Mozilla/5.0 (compatible; SemrushBot/7~bl; +http://www.semrush.com/bot.html)"
51.8.102.29 - - [25/Dec/2024:06:58:57 -0500] "GET /robots.txt HTTP/1.1" 304 0 "-" "Mozilla/5.0 AppleWebKit/537.36 (KHTML, like Gecko); compatible; OAI-SearchBot/1.0; +https://openai.com/searchbot"
162.0.235.196 - - [25/Dec/2024:06:58:58 -0500] "POST /wp-cron.php?doing_wp_cron=1735127938.5453670024871826171875 HTTP/1.1" 403 1242 "-" "WordPress/6.5.5; https://techywalls.com"
66.249.69.67 - - [25/Dec/2024:06:58:57 -0500] "GET /goods/capav102/42507?key=grip HTTP/1.1" 404 0 "-" "Mozilla/5.0 (Linux; Android 6.0.1; Nexus 5X Build/MMB29P) AppleWebKit/537.36 (KHTML, like Gecko) Chrome/131.0.6778.139 Mobile Safari/537.36 (compatible; Googlebot/2.1; +http://www.google.com/bot.html)"
85.208.96.209 - - [25/Dec/2024:06:59:07 -0500] "GET /search.php/106id46643.html HTTP/1.1" 200 0 "-" "Mozilla/5.0 (compatible; SemrushBot/7~bl; +http://www.semrush.com/bot.html)"
85.208.96.203 - - [25/Dec/2024:06:58:54 -0500] "GET /wp-content/pages.php/222maeep36663.html HTTP/1.1" 200 0 "-" "Mozilla/5.0 (compatible; SemrushBot/7~bl; +http://www.semrush.com/bot.html)"
185.191.171.7 - - [25/Dec/2024:06:59:36 -0500] "GET /brand.php/34id20550.html HTTP/1.1" 200 0 "-" "Mozilla/5.0 (compatible; SemrushBot/7~bl; +http://www.semrush.com/bot.html)"
66.249.69.66 - - [25/Dec/2024:06:59:38 -0500] "GET /goods/zezes45/18574?key=mixture HTTP/1.1" 404 0 "-" "Mozilla/5.0 (Linux; Android 6.0.1; Nexus 5X Build/MMB29P) AppleWebKit/537.36 (KHTML, like Gecko) Chrome/131.0.6778.139 Mobile Safari/537.36 (compatible; Googlebot/2.1; +http://www.google.com/bot.html)"
185.191.171.8 - - [25/Dec/2024:07:00:18 -0500] "GET /wp-content/pages.php/150saiht46926.html HTTP/1.1" 200 0 "-" "Mozilla/5.0 (compatible; SemrushBot/7~bl; +http://www.semrush.com/bot.html)"
85.208.96.198 - - [25/Dec/2024:07:00:19 -0500] "GET /wp-content/pages.php/280uitor46047.html HTTP/1.1" 200 0 "-" "Mozilla/5.0 (compatible; SemrushBot/7~bl; +http://www.semrush.com/bot.html)"
162.0.235.196 - - [25/Dec/2024:07:00:32 -0500] "POST /wp-cron.php?doing_wp_cron=1735128032.4706850051879882812500 HTTP/1.1" 403 1242 "-" "WordPress/6.5.5; https://techywalls.com"
66.249.77.228 - - [25/Dec/2024:07:00:32 -0500] "GET /goods/yqqha1/17596?key=rat HTTP/1.1" 301 0 "-" "Mozilla/5.0 (Linux; Android 6.0.1; Nexus 5X Build/MMB29P) AppleWebKit/537.36 (KHTML, like Gecko) Chrome/131.0.6778.139 Mobile Safari/537.36 (compatible; Googlebot/2.1; +http://www.google.com/bot.html)"
66.249.69.66 - - [25/Dec/2024:07:00:32 -0500] "GET /goods/yqqha1/17596?key=rat HTTP/1.1" 404 0 "-" "Mozilla/5.0 (Linux; Android 6.0.1; Nexus 5X Build/MMB29P) AppleWebKit/537.36 (KHTML, like Gecko) Chrome/131.0.6778.139 Mobile Safari/537.36 (compatible; Googlebot/2.1; +http://www.google.com/bot.html)"
